{"id":136,"date":"2019-06-21T16:13:25","date_gmt":"2019-06-21T14:13:25","guid":{"rendered":"http:\/\/www.gassendi.asso.fr\/wpg\/?page_id=136"},"modified":"2020-12-07T19:28:26","modified_gmt":"2020-12-07T18:28:26","slug":"google","status":"publish","type":"page","link":"https:\/\/www.gassendi.asso.fr\/wpg\/google\/","title":{"rendered":"Google"},"content":{"rendered":"\n<h1>Le monde de Google<\/h1>\n<p><img decoding=\"async\" class=\"aligncenter size-medium wp-image-138\" src=\"https:\/\/www.gassendi.asso.fr\/wpg\/wp-content\/uploads\/2019\/06\/google1-300x102.jpg\" alt=\"\" width=\"300\" height=\"102\" srcset=\"https:\/\/www.gassendi.asso.fr\/wpg\/wp-content\/uploads\/2019\/06\/google1-300x102.jpg 300w, https:\/\/www.gassendi.asso.fr\/wpg\/wp-content\/uploads\/2019\/06\/google1.jpg 324w\" sizes=\"(max-width: 300px) 100vw, 300px\" \/>D\u00e9couverte, \u00e9tude et appropriation des fonctions \u00ab\u00a0grand public\u00a0\u00bb de Google.<\/p>\n<p>Utilisation massive de l&rsquo;internet.<\/p>\n<h2>Introduction, pr\u00e9sentation<\/h2>\n<ul>\n<li>La soci\u00e9t\u00e9 Google<\/li>\n<li>Google dans le monde<\/li>\n<li>Ouvrir un compte<\/li>\n<\/ul>\n<h2>Le moteur de recherche<\/h2>\n<ul>\n<li><strong>Les autres moteurs de recherche<\/strong> :\u00a0Yahoo, Exalead, Bing \u2026<\/li>\n<li><strong>Acc\u00e8s \u00e0 Google<\/strong> :\u00a0Page d\u2019accueil, favoris..<\/li>\n<li><strong>Recherche instantan\u00e9e<\/strong> : nouveaut\u00e9s<\/li>\n<li><strong>Filtres de recherche<\/strong> :\u00a0Limitation aux pages francophones<\/li>\n<li><strong>Page de r\u00e9sultats<\/strong> : Analyse des \u00e9l\u00e9ments &amp; interpr\u00e9tations<\/li>\n<li><strong>Outils linguistiques<\/strong> :\u00a0Traductions ponctuelles<\/li>\n<li><strong>Pr\u00e9f\u00e9rences et options<\/strong><\/li>\n<li><strong>R\u00e8gles de base<\/strong> : Op\u00e9rateurs ET \/ OU<\/li>\n<li><strong>Recherche avanc\u00e9e<\/strong> : Exclusions, joker\u2026<\/li>\n<\/ul>\n<h2><img decoding=\"async\" class=\"alignright wp-image-139 size-medium\" src=\"https:\/\/www.gassendi.asso.fr\/wpg\/wp-content\/uploads\/2019\/06\/google2-300x110.jpg\" alt=\"\" width=\"300\" height=\"110\" srcset=\"https:\/\/www.gassendi.asso.fr\/wpg\/wp-content\/uploads\/2019\/06\/google2-300x110.jpg 300w, https:\/\/www.gassendi.asso.fr\/wpg\/wp-content\/uploads\/2019\/06\/google2.jpg 600w\" sizes=\"(max-width: 300px) 100vw, 300px\" \/>La plan\u00e8te Google<\/h2>\n<p><strong>Rechercher des images :<\/strong><\/p>\n<ul>\n<li>M\u00e9thodologie et op\u00e9rateurs<\/li>\n<\/ul>\n<p><strong><img decoding=\"async\" class=\"alignright wp-image-150\" src=\"https:\/\/www.gassendi.asso.fr\/wpg\/wp-content\/uploads\/2019\/06\/youtube-150x150.jpg\" alt=\"\" width=\"193\" height=\"50\" srcset=\"https:\/\/www.gassendi.asso.fr\/wpg\/wp-content\/uploads\/2019\/06\/youtube-300x78.jpg 300w, https:\/\/www.gassendi.asso.fr\/wpg\/wp-content\/uploads\/2019\/06\/youtube-768x199.jpg 768w, https:\/\/www.gassendi.asso.fr\/wpg\/wp-content\/uploads\/2019\/06\/youtube.jpg 1000w\" sizes=\"(max-width: 193px) 100vw, 193px\" \/>Rechercher des vid\u00e9os<\/strong><\/p>\n<ul>\n<li>Google Vid\u00e9o et Youtube<\/li>\n<li>Retrouver des moments de gloire<\/li>\n<li>Enregistrer et convertir les vid\u00e9os<\/li>\n<\/ul>\n<p><strong>Recherche de Blogs<\/strong><\/p>\n<p><strong>Toute l&rsquo;actualit\u00e9 avec Google<\/strong><\/p>\n<ul>\n<li>L\u2019actualit\u00e9 en page d\u2019accueil<\/li>\n<li>Les alertes automatiques<\/li>\n<\/ul>\n<p><strong>Personnaliser Google<\/strong><\/p>\n<ul>\n<li>iGoogle : Cr\u00e9er sa page d\u2019accueil personnalis\u00e9e<\/li>\n<li>Barre d&rsquo;outils Google : Des commodit\u00e9s sur mesure<\/li>\n<li>Google desktop : Recherche sur son PC<\/li>\n<\/ul>\n<p>\u00a0<\/p>\n<p><strong><img loading=\"lazy\" decoding=\"async\" class=\"alignright size-thumbnail wp-image-145\" src=\"https:\/\/www.gassendi.asso.fr\/wpg\/wp-content\/uploads\/2019\/06\/Chrome2-150x150.png\" alt=\"\" width=\"150\" height=\"150\" srcset=\"https:\/\/www.gassendi.asso.fr\/wpg\/wp-content\/uploads\/2019\/06\/Chrome2-150x150.png 150w, https:\/\/www.gassendi.asso.fr\/wpg\/wp-content\/uploads\/2019\/06\/Chrome2.png 240w\" sizes=\"(max-width: 150px) 100vw, 150px\" \/>Google Chrome &#8211; Le navigateur Internet<\/strong><\/p>\n<ul>\n<li>Ultra rapide pour le chargement des pages<\/li>\n<li>Efficacit\u00e9 de la barre de recherche Omnibox<\/li>\n<li>Navigation priv\u00e9e<\/li>\n<li>Onglets dans des processus m\u00e9moire isol\u00e9s<\/li>\n<li>Gestionnaire de t\u00e2ches int\u00e9gr\u00e9<\/li>\n<li>Interface \u00e9pur\u00e9e et sobre<\/li>\n<li>\u00a0Nombreuses extentions\u00a0<\/li>\n<li>Ergonomie et navigation<\/li>\n<\/ul>\n<p><strong>\u00a0Les options<\/strong><\/p>\n<p>\u00a0\u2022 Les favoris et les extensions<\/p>\n<h2>Communiquer avec Google<\/h2>\n<p><strong><img loading=\"lazy\" decoding=\"async\" class=\"alignright size-thumbnail wp-image-146\" src=\"https:\/\/www.gassendi.asso.fr\/wpg\/wp-content\/uploads\/2019\/06\/gmail_logo2-150x150.png\" alt=\"\" width=\"150\" height=\"150\" srcset=\"https:\/\/www.gassendi.asso.fr\/wpg\/wp-content\/uploads\/2019\/06\/gmail_logo2-150x150.png 150w, https:\/\/www.gassendi.asso.fr\/wpg\/wp-content\/uploads\/2019\/06\/gmail_logo2-300x300.png 300w, https:\/\/www.gassendi.asso.fr\/wpg\/wp-content\/uploads\/2019\/06\/gmail_logo2.png 512w\" sizes=\"(max-width: 150px) 100vw, 150px\" \/>La messagerie Gmail<\/strong><\/p>\n<ul>\n<li>Compte et param\u00e8tres<\/li>\n<li>Les contacts<\/li>\n<li>G\u00e9rer plusieurs comptes<\/li>\n<li>G\u00e9rer les pi\u00e8ces jointes<\/li>\n<li>Les libell\u00e9s et les filtres<\/li>\n<\/ul>\n<p>Transfert de comptes Pop3 : d\u2019Outlook-Express \u00e0 Gmail<\/p>\n<ul>\n<li>Publicit\u00e9s cibl\u00e9es dans Gmail<\/li>\n<li>Efficacit\u00e9 de la fonction Anti-spam<\/li>\n<\/ul>\n<p><strong>Messagerie instantan\u00e9e : Google Talk (Gtalk)<\/strong><\/p>\n<h2>Travailler avec Google<\/h2>\n<h3><strong><img loading=\"lazy\" decoding=\"async\" class=\"alignright size-thumbnail wp-image-149\" src=\"https:\/\/www.gassendi.asso.fr\/wpg\/wp-content\/uploads\/2019\/06\/google-docs-2-150x150.jpg\" alt=\"\" width=\"150\" height=\"150\" \/>Google documents<\/strong><\/h3>\n<p>D\u00e9finitions et principes<\/p>\n<p><strong>\u00c9tude de l&rsquo;interface<\/strong><\/p>\n<ul>\n<li>Documents : Cr\u00e9er, Importer, Dossiers, Conversion en PDF<\/li>\n<li>Tableur : Cr\u00e9er, Importer, Partager<\/li>\n<li>Cr\u00e9er et g\u00e9rer les formulaires\u00a0<\/li>\n<\/ul>\n<p>\u00a0<\/p>\n<h3><img loading=\"lazy\" decoding=\"async\" class=\"alignright size-thumbnail wp-image-144\" src=\"https:\/\/www.gassendi.asso.fr\/wpg\/wp-content\/uploads\/2019\/06\/agenda-150x150.png\" alt=\"\" width=\"150\" height=\"150\" srcset=\"https:\/\/www.gassendi.asso.fr\/wpg\/wp-content\/uploads\/2019\/06\/agenda-150x150.png 150w, https:\/\/www.gassendi.asso.fr\/wpg\/wp-content\/uploads\/2019\/06\/agenda.png 256w\" sizes=\"(max-width: 150px) 100vw, 150px\" \/>Google Agenda<\/h3>\n<p>\u00a0Partager son temps, Rapprocher les disponibilit\u00e9s<\/p>\n<h2>Les photos avec Google<\/h2>\n<h3>Picasa 3 !<\/h3>\n<ul>\n<li>La phototh\u00e8que<\/li>\n<li>Retouches<\/li>\n<li>Productions<\/li>\n<\/ul>\n<h3>Picasa Albums Web<\/h3>\n<ul>\n<li>Exporter des photos<\/li>\n<li>Invitations priv\u00e9es<\/li>\n<\/ul>\n<p>\u00a0<\/p>\n<h2>Voyager avec Google<\/h2>\n<h3><img loading=\"lazy\" decoding=\"async\" class=\"alignright size-thumbnail wp-image-147\" src=\"https:\/\/www.gassendi.asso.fr\/wpg\/wp-content\/uploads\/2019\/06\/google_maps-150x150.jpg\" alt=\"\" width=\"150\" height=\"150\" \/>Google Maps<\/h3>\n<ul>\n<li>Cartographie des pays \u00e9volu\u00e9s<\/li>\n<li>Recherche de proximit\u00e9<\/li>\n<li>Itin\u00e9raires<\/li>\n<\/ul>\n<p><strong>Personnaliser mes cartes<\/strong> :\u00a0Cr\u00e9er une carte document\u00e9e<\/p>\n<p><strong>Streetview<\/strong><\/p>\n<p><strong>Vue satellite de Google Maps<\/strong> : Vue combin\u00e9e satellite avec toponymie<\/p>\n<h3>Google Earth<\/h3>\n<ul>\n<li>Application autonome<\/li>\n<li>Liaison avec le GPS<\/li>\n<li>Api Google : cartes et vues personnalis\u00e9es<\/li>\n<\/ul>\n<h3>Google Panoramio<\/h3>\n<ul>\n<li>Prise en charge d\u2019un lot de photos<\/li>\n<li>Int\u00e9gration dans Panoramio<\/li>\n<li>G\u00e9olocalisation des clich\u00e9s<\/li>\n<li>Examen des r\u00e9sultats<\/li>\n<\/ul>\n<p>\u00a0<\/p>\n<h3><img loading=\"lazy\" decoding=\"async\" class=\"alignright size-thumbnail wp-image-155\" src=\"https:\/\/www.gassendi.asso.fr\/wpg\/wp-content\/uploads\/2019\/06\/google-blog-150x150.png\" alt=\"\" width=\"150\" height=\"150\" srcset=\"https:\/\/www.gassendi.asso.fr\/wpg\/wp-content\/uploads\/2019\/06\/google-blog-150x150.png 150w, https:\/\/www.gassendi.asso.fr\/wpg\/wp-content\/uploads\/2019\/06\/google-blog-300x300.png 300w, https:\/\/www.gassendi.asso.fr\/wpg\/wp-content\/uploads\/2019\/06\/google-blog.png 512w\" sizes=\"(max-width: 150px) 100vw, 150px\" \/>Le blog de Google<\/h3>\n<ul>\n<li>Cr\u00e9er son blog en trois clics<\/li>\n<li>Alimenter le blog en textes et photos<\/li>\n<li>G\u00e9rer son blog<\/li>\n<li>Chercher des blogs<\/li>\n<\/ul>\n<h3><img loading=\"lazy\" decoding=\"async\" class=\"alignright size-thumbnail wp-image-157\" src=\"https:\/\/www.gassendi.asso.fr\/wpg\/wp-content\/uploads\/2019\/06\/google_site-150x150.png\" alt=\"\" width=\"150\" height=\"150\" srcset=\"https:\/\/www.gassendi.asso.fr\/wpg\/wp-content\/uploads\/2019\/06\/google_site-150x150.png 150w, https:\/\/www.gassendi.asso.fr\/wpg\/wp-content\/uploads\/2019\/06\/google_site.png 200w\" sizes=\"(max-width: 150px) 100vw, 150px\" \/>Google Sites<\/h3>\n<ul>\n<li>Cr\u00e9er son site web<\/li>\n<li>Organiser les pages<\/li>\n<li>Ins\u00e9rer des modules dans les page<\/li>\n<\/ul>\n<h3>Le podcast: Google Reader<\/h3>\n<ul>\n<li>G\u00e9rer son compte<\/li>\n<li>Ajouter des souscriptions<\/li>\n<li>Stocker sur baladeur<\/li>\n<\/ul>\n","protected":false},"excerpt":{"rendered":"<p>Le monde de Google D\u00e9couverte, \u00e9tude et appropriation des fonctions \u00ab\u00a0grand public\u00a0\u00bb de Google. Utilisation massive de l&rsquo;internet. Introduction, pr\u00e9sentation La soci\u00e9t\u00e9 Google Google dans le monde Ouvrir un compte Le moteur de recherche Les autres moteurs de recherche :\u00a0Yahoo,<\/p>\n","protected":false},"author":1,"featured_media":0,"parent":0,"menu_order":0,"comment_status":"closed","ping_status":"closed","template":"","meta":{"_eb_attr":"","_exactmetrics_skip_tracking":false,"_exactmetrics_sitenote_active":false,"_exactmetrics_sitenote_note":"","_exactmetrics_sitenote_category":0,"footnotes":""},"class_list":["post-136","page","type-page","status-publish","hentry"],"yoast_head":"<!-- This site is optimized with the Yoast SEO plugin v27.5 - https:\/\/yoast.com\/product\/yoast-seo-wordpress\/ -->\n<title>Google - Club Informatique Gassendi<\/title>\n<meta name=\"description\" content=\"Club Informatique Gassendi Google Le club informatique Gassendi de montlh\u00e9ry donne des cours sur Google, ses performances, son utilit\u00e9 et sa facilit\u00e9 d&#039;utilisation\" \/>\n<meta name=\"robots\" content=\"index, follow, max-snippet:-1, max-image-preview:large, max-video-preview:-1\" \/>\n<link rel=\"canonical\" href=\"https:\/\/www.gassendi.asso.fr\/wpg\/les-cours__trashed\/google\/\" \/>\n<meta property=\"og:locale\" content=\"fr_FR\" \/>\n<meta property=\"og:type\" content=\"article\" \/>\n<meta property=\"og:title\" content=\"Google - Club Informatique Gassendi\" \/>\n<meta property=\"og:description\" content=\"Club Informatique Gassendi Google Le club informatique Gassendi de montlh\u00e9ry donne des cours sur Google, ses performances, son utilit\u00e9 et sa facilit\u00e9 d&#039;utilisation\" \/>\n<meta property=\"og:url\" content=\"https:\/\/www.gassendi.asso.fr\/wpg\/les-cours__trashed\/google\/\" \/>\n<meta property=\"og:site_name\" content=\"Club Informatique Gassendi\" \/>\n<meta property=\"article:modified_time\" content=\"2020-12-07T18:28:26+00:00\" \/>\n<meta property=\"og:image\" content=\"http:\/\/www.gassendi.asso.fr\/wpg\/wp-content\/uploads\/2019\/06\/google1-300x102.jpg\" \/>\n<meta name=\"twitter:card\" content=\"summary_large_image\" \/>\n<meta name=\"twitter:label1\" content=\"Dur\u00e9e de lecture estim\u00e9e\" \/>\n\t<meta name=\"twitter:data1\" content=\"2 minutes\" \/>\n<script type=\"application\/ld+json\" class=\"yoast-schema-graph\">{\"@context\":\"https:\\\/\\\/schema.org\",\"@graph\":[{\"@type\":\"WebPage\",\"@id\":\"https:\\\/\\\/www.gassendi.asso.fr\\\/wpg\\\/les-cours__trashed\\\/google\\\/\",\"url\":\"https:\\\/\\\/www.gassendi.asso.fr\\\/wpg\\\/les-cours__trashed\\\/google\\\/\",\"name\":\"Google - Club Informatique Gassendi\",\"isPartOf\":{\"@id\":\"https:\\\/\\\/www.gassendi.asso.fr\\\/wpg\\\/#website\"},\"primaryImageOfPage\":{\"@id\":\"https:\\\/\\\/www.gassendi.asso.fr\\\/wpg\\\/les-cours__trashed\\\/google\\\/#primaryimage\"},\"image\":{\"@id\":\"https:\\\/\\\/www.gassendi.asso.fr\\\/wpg\\\/les-cours__trashed\\\/google\\\/#primaryimage\"},\"thumbnailUrl\":\"http:\\\/\\\/www.gassendi.asso.fr\\\/wpg\\\/wp-content\\\/uploads\\\/2019\\\/06\\\/google1-300x102.jpg\",\"datePublished\":\"2019-06-21T14:13:25+00:00\",\"dateModified\":\"2020-12-07T18:28:26+00:00\",\"description\":\"Club Informatique Gassendi Google Le club informatique Gassendi de montlh\u00e9ry donne des cours sur Google, ses performances, son utilit\u00e9 et sa facilit\u00e9 d'utilisation\",\"breadcrumb\":{\"@id\":\"https:\\\/\\\/www.gassendi.asso.fr\\\/wpg\\\/les-cours__trashed\\\/google\\\/#breadcrumb\"},\"inLanguage\":\"fr-FR\",\"potentialAction\":[{\"@type\":\"ReadAction\",\"target\":[\"https:\\\/\\\/www.gassendi.asso.fr\\\/wpg\\\/les-cours__trashed\\\/google\\\/\"]}]},{\"@type\":\"ImageObject\",\"inLanguage\":\"fr-FR\",\"@id\":\"https:\\\/\\\/www.gassendi.asso.fr\\\/wpg\\\/les-cours__trashed\\\/google\\\/#primaryimage\",\"url\":\"https:\\\/\\\/www.gassendi.asso.fr\\\/wpg\\\/wp-content\\\/uploads\\\/2019\\\/06\\\/google1.jpg\",\"contentUrl\":\"https:\\\/\\\/www.gassendi.asso.fr\\\/wpg\\\/wp-content\\\/uploads\\\/2019\\\/06\\\/google1.jpg\",\"width\":324,\"height\":110},{\"@type\":\"BreadcrumbList\",\"@id\":\"https:\\\/\\\/www.gassendi.asso.fr\\\/wpg\\\/les-cours__trashed\\\/google\\\/#breadcrumb\",\"itemListElement\":[{\"@type\":\"ListItem\",\"position\":1,\"name\":\"Accueil\",\"item\":\"https:\\\/\\\/www.gassendi.asso.fr\\\/wpg\\\/\"},{\"@type\":\"ListItem\",\"position\":2,\"name\":\"Google\"}]},{\"@type\":\"WebSite\",\"@id\":\"https:\\\/\\\/www.gassendi.asso.fr\\\/wpg\\\/#website\",\"url\":\"https:\\\/\\\/www.gassendi.asso.fr\\\/wpg\\\/\",\"name\":\"Club Informatique Gassendi\",\"description\":\"L&#039;autre fa\u00e7on d&#039;apprendre l&#039;informatique ...\",\"publisher\":{\"@id\":\"https:\\\/\\\/www.gassendi.asso.fr\\\/wpg\\\/#organization\"},\"potentialAction\":[{\"@type\":\"SearchAction\",\"target\":{\"@type\":\"EntryPoint\",\"urlTemplate\":\"https:\\\/\\\/www.gassendi.asso.fr\\\/wpg\\\/?s={search_term_string}\"},\"query-input\":{\"@type\":\"PropertyValueSpecification\",\"valueRequired\":true,\"valueName\":\"search_term_string\"}}],\"inLanguage\":\"fr-FR\"},{\"@type\":\"Organization\",\"@id\":\"https:\\\/\\\/www.gassendi.asso.fr\\\/wpg\\\/#organization\",\"name\":\"Club Informatique Gassendi\",\"url\":\"https:\\\/\\\/www.gassendi.asso.fr\\\/wpg\\\/\",\"logo\":{\"@type\":\"ImageObject\",\"inLanguage\":\"fr-FR\",\"@id\":\"https:\\\/\\\/www.gassendi.asso.fr\\\/wpg\\\/#\\\/schema\\\/logo\\\/image\\\/\",\"url\":\"http:\\\/\\\/www.gassendi.asso.fr\\\/wpg\\\/wp-content\\\/uploads\\\/2019\\\/06\\\/logo-cig_165x150.jpg\",\"contentUrl\":\"http:\\\/\\\/www.gassendi.asso.fr\\\/wpg\\\/wp-content\\\/uploads\\\/2019\\\/06\\\/logo-cig_165x150.jpg\",\"width\":165,\"height\":150,\"caption\":\"Club Informatique Gassendi\"},\"image\":{\"@id\":\"https:\\\/\\\/www.gassendi.asso.fr\\\/wpg\\\/#\\\/schema\\\/logo\\\/image\\\/\"}}]}<\/script>\n<!-- \/ Yoast SEO plugin. -->","yoast_head_json":{"title":"Google - Club Informatique Gassendi","description":"Club Informatique Gassendi Google Le club informatique Gassendi de montlh\u00e9ry donne des cours sur Google, ses performances, son utilit\u00e9 et sa facilit\u00e9 d'utilisation","robots":{"index":"index","follow":"follow","max-snippet":"max-snippet:-1","max-image-preview":"max-image-preview:large","max-video-preview":"max-video-preview:-1"},"canonical":"https:\/\/www.gassendi.asso.fr\/wpg\/les-cours__trashed\/google\/","og_locale":"fr_FR","og_type":"article","og_title":"Google - Club Informatique Gassendi","og_description":"Club Informatique Gassendi Google Le club informatique Gassendi de montlh\u00e9ry donne des cours sur Google, ses performances, son utilit\u00e9 et sa facilit\u00e9 d'utilisation","og_url":"https:\/\/www.gassendi.asso.fr\/wpg\/les-cours__trashed\/google\/","og_site_name":"Club Informatique Gassendi","article_modified_time":"2020-12-07T18:28:26+00:00","og_image":[{"url":"http:\/\/www.gassendi.asso.fr\/wpg\/wp-content\/uploads\/2019\/06\/google1-300x102.jpg","type":"","width":"","height":""}],"twitter_card":"summary_large_image","twitter_misc":{"Dur\u00e9e de lecture estim\u00e9e":"2 minutes"},"schema":{"@context":"https:\/\/schema.org","@graph":[{"@type":"WebPage","@id":"https:\/\/www.gassendi.asso.fr\/wpg\/les-cours__trashed\/google\/","url":"https:\/\/www.gassendi.asso.fr\/wpg\/les-cours__trashed\/google\/","name":"Google - Club Informatique Gassendi","isPartOf":{"@id":"https:\/\/www.gassendi.asso.fr\/wpg\/#website"},"primaryImageOfPage":{"@id":"https:\/\/www.gassendi.asso.fr\/wpg\/les-cours__trashed\/google\/#primaryimage"},"image":{"@id":"https:\/\/www.gassendi.asso.fr\/wpg\/les-cours__trashed\/google\/#primaryimage"},"thumbnailUrl":"http:\/\/www.gassendi.asso.fr\/wpg\/wp-content\/uploads\/2019\/06\/google1-300x102.jpg","datePublished":"2019-06-21T14:13:25+00:00","dateModified":"2020-12-07T18:28:26+00:00","description":"Club Informatique Gassendi Google Le club informatique Gassendi de montlh\u00e9ry donne des cours sur Google, ses performances, son utilit\u00e9 et sa facilit\u00e9 d'utilisation","breadcrumb":{"@id":"https:\/\/www.gassendi.asso.fr\/wpg\/les-cours__trashed\/google\/#breadcrumb"},"inLanguage":"fr-FR","potentialAction":[{"@type":"ReadAction","target":["https:\/\/www.gassendi.asso.fr\/wpg\/les-cours__trashed\/google\/"]}]},{"@type":"ImageObject","inLanguage":"fr-FR","@id":"https:\/\/www.gassendi.asso.fr\/wpg\/les-cours__trashed\/google\/#primaryimage","url":"https:\/\/www.gassendi.asso.fr\/wpg\/wp-content\/uploads\/2019\/06\/google1.jpg","contentUrl":"https:\/\/www.gassendi.asso.fr\/wpg\/wp-content\/uploads\/2019\/06\/google1.jpg","width":324,"height":110},{"@type":"BreadcrumbList","@id":"https:\/\/www.gassendi.asso.fr\/wpg\/les-cours__trashed\/google\/#breadcrumb","itemListElement":[{"@type":"ListItem","position":1,"name":"Accueil","item":"https:\/\/www.gassendi.asso.fr\/wpg\/"},{"@type":"ListItem","position":2,"name":"Google"}]},{"@type":"WebSite","@id":"https:\/\/www.gassendi.asso.fr\/wpg\/#website","url":"https:\/\/www.gassendi.asso.fr\/wpg\/","name":"Club Informatique Gassendi","description":"L&#039;autre fa\u00e7on d&#039;apprendre l&#039;informatique ...","publisher":{"@id":"https:\/\/www.gassendi.asso.fr\/wpg\/#organization"},"potentialAction":[{"@type":"SearchAction","target":{"@type":"EntryPoint","urlTemplate":"https:\/\/www.gassendi.asso.fr\/wpg\/?s={search_term_string}"},"query-input":{"@type":"PropertyValueSpecification","valueRequired":true,"valueName":"search_term_string"}}],"inLanguage":"fr-FR"},{"@type":"Organization","@id":"https:\/\/www.gassendi.asso.fr\/wpg\/#organization","name":"Club Informatique Gassendi","url":"https:\/\/www.gassendi.asso.fr\/wpg\/","logo":{"@type":"ImageObject","inLanguage":"fr-FR","@id":"https:\/\/www.gassendi.asso.fr\/wpg\/#\/schema\/logo\/image\/","url":"http:\/\/www.gassendi.asso.fr\/wpg\/wp-content\/uploads\/2019\/06\/logo-cig_165x150.jpg","contentUrl":"http:\/\/www.gassendi.asso.fr\/wpg\/wp-content\/uploads\/2019\/06\/logo-cig_165x150.jpg","width":165,"height":150,"caption":"Club Informatique Gassendi"},"image":{"@id":"https:\/\/www.gassendi.asso.fr\/wpg\/#\/schema\/logo\/image\/"}}]}},"_links":{"self":[{"href":"https:\/\/www.gassendi.asso.fr\/wpg\/wp-json\/wp\/v2\/pages\/136","targetHints":{"allow":["GET"]}}],"collection":[{"href":"https:\/\/www.gassendi.asso.fr\/wpg\/wp-json\/wp\/v2\/pages"}],"about":[{"href":"https:\/\/www.gassendi.asso.fr\/wpg\/wp-json\/wp\/v2\/types\/page"}],"author":[{"embeddable":true,"href":"https:\/\/www.gassendi.asso.fr\/wpg\/wp-json\/wp\/v2\/users\/1"}],"replies":[{"embeddable":true,"href":"https:\/\/www.gassendi.asso.fr\/wpg\/wp-json\/wp\/v2\/comments?post=136"}],"version-history":[{"count":17,"href":"https:\/\/www.gassendi.asso.fr\/wpg\/wp-json\/wp\/v2\/pages\/136\/revisions"}],"predecessor-version":[{"id":270,"href":"https:\/\/www.gassendi.asso.fr\/wpg\/wp-json\/wp\/v2\/pages\/136\/revisions\/270"}],"wp:attachment":[{"href":"https:\/\/www.gassendi.asso.fr\/wpg\/wp-json\/wp\/v2\/media?parent=136"}],"curies":[{"name":"wp","href":"https:\/\/api.w.org\/{rel}","templated":true}]}}