{"id":1832,"date":"2022-02-12T11:19:54","date_gmt":"2022-02-12T10:19:54","guid":{"rendered":"https:\/\/www.gassendi.asso.fr\/wpg\/?page_id=1832"},"modified":"2025-11-22T21:01:42","modified_gmt":"2025-11-22T20:01:42","slug":"cycles-courts","status":"publish","type":"page","link":"https:\/\/www.gassendi.asso.fr\/wpg\/cycles-courts\/","title":{"rendered":"Cycles courts"},"content":{"rendered":"\n<p>Les cycles courts vous permettront de d\u00e9couvrir quelques logiciels(mais pas que) en quelques heures. Vous pourrez ainsi, d\u00e9couvrir ou approfondir les sujets suivants :<\/p>\n<ul>\n<li><span style=\"color: #ff00ff;\">Windows 11 :<\/span>\n<ul>\n<li>d\u00e9couverte du Syst\u00e8me d&rsquo;exploitation ,<\/li>\n<li>Sauvegarde et maintenance,<\/li>\n<\/ul>\n<\/li>\n<li><span style=\"color: #3366ff;\">Multim\u00e9dia :<\/span>\n<ul>\n<li style=\"list-style-type: none;\">\n<ul>\n<li>Format Factory (Convertisseur fichiers multim\u00e9dia),<\/li>\n<li>Audacity (\u00c9diteur audio multi format gratuit),<\/li>\n<li>Movie Maker (Petit logiciel de montage vid\u00e9o),<\/li>\n<li>Photofiltre (Logiciel de retouche d&rsquo;images gratuit)<\/li>\n<\/ul>\n<\/li>\n<\/ul>\n<\/li>\n<li><span style=\"color: #339966;\">Professionnel :<\/span>\n<ul>\n<li>Word (perfectionnement) Traitement de texte)<\/li>\n<li>Excel<\/li>\n<\/ul>\n<\/li>\n<li><span style=\"color: #ff6600;\">Internet :<\/span><br \/>\n<ul>\n<li>Comment Acheter sur le Net,<\/li>\n<\/ul>\n<\/li>\n<li><span style=\"color: #3366ff;\">Plein d&rsquo;autre choses :<\/span>\n<ul>\n<li>Android PC<\/li>\n<li>Cyber s\u00e9curit\u00e9<\/li>\n<li>Linux<\/li>\n<li>Telegram et maison connect\u00e9e<\/li>\n<\/ul>\n<\/li>\n<\/ul>\n<p>\u00a0<\/p>\n<p>\u00a0<\/p>\n","protected":false},"excerpt":{"rendered":"<p>Les cycles courts vous permettront de d\u00e9couvrir quelques logiciels(mais pas que) en quelques heures. Vous pourrez ainsi, d\u00e9couvrir ou approfondir les sujets suivants : Windows 11 : d\u00e9couverte du Syst\u00e8me d&rsquo;exploitation , Sauvegarde et maintenance, Multim\u00e9dia : Format Factory (Convertisseur<\/p>\n","protected":false},"author":6,"featured_media":0,"parent":0,"menu_order":0,"comment_status":"closed","ping_status":"closed","template":"","meta":{"_eb_attr":"","_exactmetrics_skip_tracking":false,"_exactmetrics_sitenote_active":false,"_exactmetrics_sitenote_note":"","_exactmetrics_sitenote_category":0,"footnotes":""},"class_list":["post-1832","page","type-page","status-publish","hentry"],"yoast_head":"<!-- This site is optimized with the Yoast SEO plugin v27.3 - https:\/\/yoast.com\/product\/yoast-seo-wordpress\/ -->\n<title>Cycles courts - Club Informatique Gassendi<\/title>\n<meta name=\"robots\" content=\"index, follow, max-snippet:-1, max-image-preview:large, max-video-preview:-1\" \/>\n<link rel=\"canonical\" href=\"https:\/\/www.gassendi.asso.fr\/wpg\/cycles-courts\/\" \/>\n<meta property=\"og:locale\" content=\"fr_FR\" \/>\n<meta property=\"og:type\" content=\"article\" \/>\n<meta property=\"og:title\" content=\"Cycles courts - Club Informatique Gassendi\" \/>\n<meta property=\"og:description\" content=\"Les cycles courts vous permettront de d\u00e9couvrir quelques logiciels(mais pas que) en quelques heures. Vous pourrez ainsi, d\u00e9couvrir ou approfondir les sujets suivants : Windows 11 : d\u00e9couverte du Syst\u00e8me d&rsquo;exploitation , Sauvegarde et maintenance, Multim\u00e9dia : Format Factory (Convertisseur\" \/>\n<meta property=\"og:url\" content=\"https:\/\/www.gassendi.asso.fr\/wpg\/cycles-courts\/\" \/>\n<meta property=\"og:site_name\" content=\"Club Informatique Gassendi\" \/>\n<meta property=\"article:modified_time\" content=\"2025-11-22T20:01:42+00:00\" \/>\n<meta name=\"twitter:card\" content=\"summary_large_image\" \/>\n<meta name=\"twitter:label1\" content=\"Dur\u00e9e de lecture estim\u00e9e\" \/>\n\t<meta name=\"twitter:data1\" content=\"1 minute\" \/>\n<script type=\"application\/ld+json\" class=\"yoast-schema-graph\">{\"@context\":\"https:\\\/\\\/schema.org\",\"@graph\":[{\"@type\":\"WebPage\",\"@id\":\"https:\\\/\\\/www.gassendi.asso.fr\\\/wpg\\\/cycles-courts\\\/\",\"url\":\"https:\\\/\\\/www.gassendi.asso.fr\\\/wpg\\\/cycles-courts\\\/\",\"name\":\"Cycles courts - Club Informatique Gassendi\",\"isPartOf\":{\"@id\":\"https:\\\/\\\/www.gassendi.asso.fr\\\/wpg\\\/#website\"},\"datePublished\":\"2022-02-12T10:19:54+00:00\",\"dateModified\":\"2025-11-22T20:01:42+00:00\",\"breadcrumb\":{\"@id\":\"https:\\\/\\\/www.gassendi.asso.fr\\\/wpg\\\/cycles-courts\\\/#breadcrumb\"},\"inLanguage\":\"fr-FR\",\"potentialAction\":[{\"@type\":\"ReadAction\",\"target\":[\"https:\\\/\\\/www.gassendi.asso.fr\\\/wpg\\\/cycles-courts\\\/\"]}]},{\"@type\":\"BreadcrumbList\",\"@id\":\"https:\\\/\\\/www.gassendi.asso.fr\\\/wpg\\\/cycles-courts\\\/#breadcrumb\",\"itemListElement\":[{\"@type\":\"ListItem\",\"position\":1,\"name\":\"Accueil\",\"item\":\"https:\\\/\\\/www.gassendi.asso.fr\\\/wpg\\\/\"},{\"@type\":\"ListItem\",\"position\":2,\"name\":\"Cycles courts\"}]},{\"@type\":\"WebSite\",\"@id\":\"https:\\\/\\\/www.gassendi.asso.fr\\\/wpg\\\/#website\",\"url\":\"https:\\\/\\\/www.gassendi.asso.fr\\\/wpg\\\/\",\"name\":\"Club Informatique Gassendi\",\"description\":\"L&#039;autre fa\u00e7on d&#039;apprendre l&#039;informatique ...\",\"publisher\":{\"@id\":\"https:\\\/\\\/www.gassendi.asso.fr\\\/wpg\\\/#organization\"},\"potentialAction\":[{\"@type\":\"SearchAction\",\"target\":{\"@type\":\"EntryPoint\",\"urlTemplate\":\"https:\\\/\\\/www.gassendi.asso.fr\\\/wpg\\\/?s={search_term_string}\"},\"query-input\":{\"@type\":\"PropertyValueSpecification\",\"valueRequired\":true,\"valueName\":\"search_term_string\"}}],\"inLanguage\":\"fr-FR\"},{\"@type\":\"Organization\",\"@id\":\"https:\\\/\\\/www.gassendi.asso.fr\\\/wpg\\\/#organization\",\"name\":\"Club Informatique Gassendi\",\"url\":\"https:\\\/\\\/www.gassendi.asso.fr\\\/wpg\\\/\",\"logo\":{\"@type\":\"ImageObject\",\"inLanguage\":\"fr-FR\",\"@id\":\"https:\\\/\\\/www.gassendi.asso.fr\\\/wpg\\\/#\\\/schema\\\/logo\\\/image\\\/\",\"url\":\"http:\\\/\\\/www.gassendi.asso.fr\\\/wpg\\\/wp-content\\\/uploads\\\/2019\\\/06\\\/logo-cig_165x150.jpg\",\"contentUrl\":\"http:\\\/\\\/www.gassendi.asso.fr\\\/wpg\\\/wp-content\\\/uploads\\\/2019\\\/06\\\/logo-cig_165x150.jpg\",\"width\":165,\"height\":150,\"caption\":\"Club Informatique Gassendi\"},\"image\":{\"@id\":\"https:\\\/\\\/www.gassendi.asso.fr\\\/wpg\\\/#\\\/schema\\\/logo\\\/image\\\/\"}}]}<\/script>\n<!-- \/ Yoast SEO plugin. -->","yoast_head_json":{"title":"Cycles courts - Club Informatique Gassendi","robots":{"index":"index","follow":"follow","max-snippet":"max-snippet:-1","max-image-preview":"max-image-preview:large","max-video-preview":"max-video-preview:-1"},"canonical":"https:\/\/www.gassendi.asso.fr\/wpg\/cycles-courts\/","og_locale":"fr_FR","og_type":"article","og_title":"Cycles courts - Club Informatique Gassendi","og_description":"Les cycles courts vous permettront de d\u00e9couvrir quelques logiciels(mais pas que) en quelques heures. Vous pourrez ainsi, d\u00e9couvrir ou approfondir les sujets suivants : Windows 11 : d\u00e9couverte du Syst\u00e8me d&rsquo;exploitation , Sauvegarde et maintenance, Multim\u00e9dia : Format Factory (Convertisseur","og_url":"https:\/\/www.gassendi.asso.fr\/wpg\/cycles-courts\/","og_site_name":"Club Informatique Gassendi","article_modified_time":"2025-11-22T20:01:42+00:00","twitter_card":"summary_large_image","twitter_misc":{"Dur\u00e9e de lecture estim\u00e9e":"1 minute"},"schema":{"@context":"https:\/\/schema.org","@graph":[{"@type":"WebPage","@id":"https:\/\/www.gassendi.asso.fr\/wpg\/cycles-courts\/","url":"https:\/\/www.gassendi.asso.fr\/wpg\/cycles-courts\/","name":"Cycles courts - Club Informatique Gassendi","isPartOf":{"@id":"https:\/\/www.gassendi.asso.fr\/wpg\/#website"},"datePublished":"2022-02-12T10:19:54+00:00","dateModified":"2025-11-22T20:01:42+00:00","breadcrumb":{"@id":"https:\/\/www.gassendi.asso.fr\/wpg\/cycles-courts\/#breadcrumb"},"inLanguage":"fr-FR","potentialAction":[{"@type":"ReadAction","target":["https:\/\/www.gassendi.asso.fr\/wpg\/cycles-courts\/"]}]},{"@type":"BreadcrumbList","@id":"https:\/\/www.gassendi.asso.fr\/wpg\/cycles-courts\/#breadcrumb","itemListElement":[{"@type":"ListItem","position":1,"name":"Accueil","item":"https:\/\/www.gassendi.asso.fr\/wpg\/"},{"@type":"ListItem","position":2,"name":"Cycles courts"}]},{"@type":"WebSite","@id":"https:\/\/www.gassendi.asso.fr\/wpg\/#website","url":"https:\/\/www.gassendi.asso.fr\/wpg\/","name":"Club Informatique Gassendi","description":"L&#039;autre fa\u00e7on d&#039;apprendre l&#039;informatique ...","publisher":{"@id":"https:\/\/www.gassendi.asso.fr\/wpg\/#organization"},"potentialAction":[{"@type":"SearchAction","target":{"@type":"EntryPoint","urlTemplate":"https:\/\/www.gassendi.asso.fr\/wpg\/?s={search_term_string}"},"query-input":{"@type":"PropertyValueSpecification","valueRequired":true,"valueName":"search_term_string"}}],"inLanguage":"fr-FR"},{"@type":"Organization","@id":"https:\/\/www.gassendi.asso.fr\/wpg\/#organization","name":"Club Informatique Gassendi","url":"https:\/\/www.gassendi.asso.fr\/wpg\/","logo":{"@type":"ImageObject","inLanguage":"fr-FR","@id":"https:\/\/www.gassendi.asso.fr\/wpg\/#\/schema\/logo\/image\/","url":"http:\/\/www.gassendi.asso.fr\/wpg\/wp-content\/uploads\/2019\/06\/logo-cig_165x150.jpg","contentUrl":"http:\/\/www.gassendi.asso.fr\/wpg\/wp-content\/uploads\/2019\/06\/logo-cig_165x150.jpg","width":165,"height":150,"caption":"Club Informatique Gassendi"},"image":{"@id":"https:\/\/www.gassendi.asso.fr\/wpg\/#\/schema\/logo\/image\/"}}]}},"_links":{"self":[{"href":"https:\/\/www.gassendi.asso.fr\/wpg\/wp-json\/wp\/v2\/pages\/1832","targetHints":{"allow":["GET"]}}],"collection":[{"href":"https:\/\/www.gassendi.asso.fr\/wpg\/wp-json\/wp\/v2\/pages"}],"about":[{"href":"https:\/\/www.gassendi.asso.fr\/wpg\/wp-json\/wp\/v2\/types\/page"}],"author":[{"embeddable":true,"href":"https:\/\/www.gassendi.asso.fr\/wpg\/wp-json\/wp\/v2\/users\/6"}],"replies":[{"embeddable":true,"href":"https:\/\/www.gassendi.asso.fr\/wpg\/wp-json\/wp\/v2\/comments?post=1832"}],"version-history":[{"count":7,"href":"https:\/\/www.gassendi.asso.fr\/wpg\/wp-json\/wp\/v2\/pages\/1832\/revisions"}],"predecessor-version":[{"id":2827,"href":"https:\/\/www.gassendi.asso.fr\/wpg\/wp-json\/wp\/v2\/pages\/1832\/revisions\/2827"}],"wp:attachment":[{"href":"https:\/\/www.gassendi.asso.fr\/wpg\/wp-json\/wp\/v2\/media?parent=1832"}],"curies":[{"name":"wp","href":"https:\/\/api.w.org\/{rel}","templated":true}]}}