{"id":489,"date":"2019-08-14T12:53:43","date_gmt":"2019-08-14T10:53:43","guid":{"rendered":"http:\/\/www.gassendi.asso.fr\/wpg\/?page_id=489"},"modified":"2020-12-07T19:27:37","modified_gmt":"2020-12-07T18:27:37","slug":"le-monde-connecte","status":"publish","type":"page","link":"https:\/\/www.gassendi.asso.fr\/wpg\/le-monde-connecte\/","title":{"rendered":"Le monde connect\u00e9"},"content":{"rendered":"\n<p><img fetchpriority=\"high\" decoding=\"async\" class=\"alignright size-medium wp-image-506\" src=\"https:\/\/www.gassendi.asso.fr\/wpg\/wp-content\/uploads\/2019\/08\/domo20-300-300x200.jpg\" alt=\"\" width=\"300\" height=\"200\" srcset=\"https:\/\/www.gassendi.asso.fr\/wpg\/wp-content\/uploads\/2019\/08\/domo20-300-300x200.jpg 300w, https:\/\/www.gassendi.asso.fr\/wpg\/wp-content\/uploads\/2019\/08\/domo20-300.jpg 350w\" sizes=\"(max-width: 300px) 100vw, 300px\" \/>Bienvenue dans ce parcours de d\u00e9couverte du monde connect\u00e9\u2009et de sa mise en pratique !<\/p>\n<p>Le monde connect\u00e9 prend de plus en plus de place dans notre vie. Il nous offre de plus en plus de services, par exemple :<\/p>\n<p><strong>Pour notre confort :<\/strong><\/p>\n<ul>\n<li>Volets roulants automatiques,<\/li>\n<li>\u00c9clairage selon l\u2019ambiance souhait\u00e9e,<\/li>\n<li>Gestion du chauffage,<\/li>\n<li>Robot aspirateur,<\/li>\n<li>Pr\u00e9paration de notre liste de course,<\/li>\n<li>Proposition de menus&#8230;<\/li>\n<\/ul>\n<p><strong>Pour notre sant\u00e9 :<\/strong><\/p>\n<ul>\n<li>Bracelets de contr\u00f4le,<\/li>\n<li>Montres connect\u00e9es<\/li>\n<\/ul>\n<p><strong>Pour nos loisirs :<\/strong><\/p>\n<ul>\n<li>Android TV,<\/li>\n<li>Google play,<\/li>\n<li>Spotify&#8230;<\/li>\n<\/ul>\n<p>Pour notre s\u00e9curit\u00e9, l\u2019aide \u00e0 domicile par exemple.<\/p>\n<h2>Ce parcours de d\u00e9couverte du monde connect\u00e9 comprend deux cours :<\/h2>\n<p><strong>Cours 1<\/strong> : Parcours de d\u00e9couverte du monde connect\u00e9 <br \/><strong>Cours 2<\/strong> : Ateliers objets connect\u00e9s<\/p>\n<p>\u00a0<\/p>\n<h3>A qui s\u2019adresse ces cours ?<\/h3>\n<p><strong>Vous souhaitez :<\/strong><\/p>\n<ul>\n<li>Utiliser au mieux le monde num\u00e9rique,<\/li>\n<li>D\u00e9velopper et ma\u00eetriser votre domotique,<\/li>\n<li>Faire les bons choix pour vous \u00e9quiper.<\/li>\n<li>Vous savez utiliser les services \u00ab basiques \u00bb d\u2019un ordinateur et d\u2019un smartphone.<\/li>\n<li>Vous \u00eates curieux .<\/li>\n<li>Vous cherchez un terrain de jeux pour vous \u00e9clater et inventer .<\/li>\n<\/ul>\n<p><span style=\"text-decoration: underline;\">Nous vous invitons \u00e0 venir nous rejoindre \u00e0 ces ateliers dans une ambiance ludique et d\u2019\u00e9changes<\/span><\/p>\n<h2>Le monde connect\u00e9, les services \u00ab de base \u00bb<\/h2>\n<figure id=\"attachment_493\" aria-describedby=\"caption-attachment-493\" style=\"width: 872px\" class=\"wp-caption aligncenter\"><img decoding=\"async\" class=\"size-full wp-image-493\" src=\"https:\/\/www.gassendi.asso.fr\/wpg\/wp-content\/uploads\/2019\/08\/monde_connecte01.jpg\" alt=\"Le monde connect\u00e9 n1\" width=\"872\" height=\"330\" srcset=\"https:\/\/www.gassendi.asso.fr\/wpg\/wp-content\/uploads\/2019\/08\/monde_connecte01.jpg 872w, https:\/\/www.gassendi.asso.fr\/wpg\/wp-content\/uploads\/2019\/08\/monde_connecte01-300x114.jpg 300w, https:\/\/www.gassendi.asso.fr\/wpg\/wp-content\/uploads\/2019\/08\/monde_connecte01-768x291.jpg 768w\" sizes=\"(max-width: 872px) 100vw, 872px\" \/><figcaption id=\"caption-attachment-493\" class=\"wp-caption-text\">Le monde connect\u00e9, les services de base<\/figcaption><\/figure>\n<p><strong>Les services \u00ab de base \u00bb<\/strong> : messagerie, vid\u00e9o, radio, m\u00e9t\u00e9o, navigation (GPS), <br \/>gestion administrative (imp\u00f4ts, comptes bancaires..) , recherche\u00a0 d\u2019informations diverses.<\/p>\n<h2>Le monde connect\u00e9, les services \u00e9tendus<\/h2>\n<figure id=\"attachment_494\" aria-describedby=\"caption-attachment-494\" style=\"width: 879px\" class=\"wp-caption aligncenter\"><img decoding=\"async\" class=\"size-full wp-image-494\" src=\"https:\/\/www.gassendi.asso.fr\/wpg\/wp-content\/uploads\/2019\/08\/monde_connecte02.jpg\" alt=\"Le monde connect\u00e9 n2\" width=\"879\" height=\"330\" srcset=\"https:\/\/www.gassendi.asso.fr\/wpg\/wp-content\/uploads\/2019\/08\/monde_connecte02.jpg 879w, https:\/\/www.gassendi.asso.fr\/wpg\/wp-content\/uploads\/2019\/08\/monde_connecte02-300x113.jpg 300w, https:\/\/www.gassendi.asso.fr\/wpg\/wp-content\/uploads\/2019\/08\/monde_connecte02-768x288.jpg 768w\" sizes=\"(max-width: 879px) 100vw, 879px\" \/><figcaption id=\"caption-attachment-494\" class=\"wp-caption-text\">Le monde connect\u00e9, les services \u00e9tendus<\/figcaption><\/figure>\n<p>Google , Amazon et Apple ont lanc\u00e9 r\u00e9cemment (2018) leur assistant vocal et leur application pour nous offrir des services \u00e9tendus, par exemple:<\/p>\n<ul>\n<li>obtenir des informations locales,<\/li>\n<li>planifier sa journ\u00e9e ,<\/li>\n<li>poser des questions ,<\/li>\n<li>agir sur nos appareils connect\u00e9s .<\/li>\n<\/ul>\n<h2>Le monde connect\u00e9, le pilotage automatique<\/h2>\n<figure id=\"attachment_495\" aria-describedby=\"caption-attachment-495\" style=\"width: 886px\" class=\"wp-caption aligncenter\"><img loading=\"lazy\" decoding=\"async\" class=\"size-full wp-image-495\" src=\"https:\/\/www.gassendi.asso.fr\/wpg\/wp-content\/uploads\/2019\/08\/monde_connecte03.jpg\" alt=\"Le monde connect\u00e9 n3\" width=\"886\" height=\"332\" srcset=\"https:\/\/www.gassendi.asso.fr\/wpg\/wp-content\/uploads\/2019\/08\/monde_connecte03.jpg 886w, https:\/\/www.gassendi.asso.fr\/wpg\/wp-content\/uploads\/2019\/08\/monde_connecte03-300x112.jpg 300w, https:\/\/www.gassendi.asso.fr\/wpg\/wp-content\/uploads\/2019\/08\/monde_connecte03-768x288.jpg 768w\" sizes=\"(max-width: 886px) 100vw, 886px\" \/><figcaption id=\"caption-attachment-495\" class=\"wp-caption-text\">Le monde connect\u00e9, le pilotage automatique<\/figcaption><\/figure>\n<p>Des logiciels (gratuits, open source) tels que domotics ou jeedom sont apparus r\u00e9cemment pour permettent d\u2019enchainer un ensemble d\u2019actions \u00e0 effectuer lorsqu\u2019un \u00e9v\u00e9nement particulier survient, par exemple :<\/p>\n<ul>\n<li>\u00ab le soleil se couche \u00bb -&gt; fermer les volets,<\/li>\n<li>\u00ab je sors \u00bb -&gt; activer les syst\u00e8mes de surveillance.<\/li>\n<\/ul>\n<p>Ces logiciels rendent un service de pilotage automatique s\u00e9curis\u00e9 car ils permettent aussi de s\u00e9curiser les acc\u00e8s \u00e0 nos appareils connect\u00e9s .<\/p>\n\n\n","protected":false},"excerpt":{"rendered":"<p>Bienvenue dans ce parcours de d\u00e9couverte du monde connect\u00e9\u2009et de sa mise en pratique ! Le monde connect\u00e9 prend de plus en plus de place dans notre vie. Il nous offre de plus en plus de services, par exemple :<\/p>\n","protected":false},"author":1,"featured_media":496,"parent":0,"menu_order":0,"comment_status":"closed","ping_status":"closed","template":"","meta":{"_eb_attr":"","_exactmetrics_skip_tracking":false,"_exactmetrics_sitenote_active":false,"_exactmetrics_sitenote_note":"","_exactmetrics_sitenote_category":0,"footnotes":""},"class_list":["post-489","page","type-page","status-publish","has-post-thumbnail","hentry"],"yoast_head":"<!-- This site is optimized with the Yoast SEO plugin v27.4 - https:\/\/yoast.com\/product\/yoast-seo-wordpress\/ -->\n<title>Le monde connect\u00e9 - Club Informatique Gassendi<\/title>\n<meta name=\"description\" content=\"Le monde connect\u00e9 prend de plus en plus de place dans notre vie. Il nous offre de plus en plus de services\" \/>\n<meta name=\"robots\" content=\"index, follow, max-snippet:-1, max-image-preview:large, max-video-preview:-1\" \/>\n<link rel=\"canonical\" href=\"https:\/\/www.gassendi.asso.fr\/wpg\/les-cours__trashed\/le-monde-connecte\/\" \/>\n<meta property=\"og:locale\" content=\"fr_FR\" \/>\n<meta property=\"og:type\" content=\"article\" \/>\n<meta property=\"og:title\" content=\"Le monde connect\u00e9 - Club Informatique Gassendi\" \/>\n<meta property=\"og:description\" content=\"Le monde connect\u00e9 prend de plus en plus de place dans notre vie. Il nous offre de plus en plus de services\" \/>\n<meta property=\"og:url\" content=\"https:\/\/www.gassendi.asso.fr\/wpg\/les-cours__trashed\/le-monde-connecte\/\" \/>\n<meta property=\"og:site_name\" content=\"Club Informatique Gassendi\" \/>\n<meta property=\"article:modified_time\" content=\"2020-12-07T18:27:37+00:00\" \/>\n<meta property=\"og:image\" content=\"https:\/\/www.gassendi.asso.fr\/wpg\/wp-content\/uploads\/2019\/08\/monde_connecte04.jpg\" \/>\n\t<meta property=\"og:image:width\" content=\"820\" \/>\n\t<meta property=\"og:image:height\" content=\"463\" \/>\n\t<meta property=\"og:image:type\" content=\"image\/jpeg\" \/>\n<meta name=\"twitter:card\" content=\"summary_large_image\" \/>\n<meta name=\"twitter:label1\" content=\"Dur\u00e9e de lecture estim\u00e9e\" \/>\n\t<meta name=\"twitter:data1\" content=\"2 minutes\" \/>\n<script type=\"application\/ld+json\" class=\"yoast-schema-graph\">{\"@context\":\"https:\\\/\\\/schema.org\",\"@graph\":[{\"@type\":\"WebPage\",\"@id\":\"https:\\\/\\\/www.gassendi.asso.fr\\\/wpg\\\/les-cours__trashed\\\/le-monde-connecte\\\/\",\"url\":\"https:\\\/\\\/www.gassendi.asso.fr\\\/wpg\\\/les-cours__trashed\\\/le-monde-connecte\\\/\",\"name\":\"Le monde connect\u00e9 - Club Informatique Gassendi\",\"isPartOf\":{\"@id\":\"https:\\\/\\\/www.gassendi.asso.fr\\\/wpg\\\/#website\"},\"primaryImageOfPage\":{\"@id\":\"https:\\\/\\\/www.gassendi.asso.fr\\\/wpg\\\/les-cours__trashed\\\/le-monde-connecte\\\/#primaryimage\"},\"image\":{\"@id\":\"https:\\\/\\\/www.gassendi.asso.fr\\\/wpg\\\/les-cours__trashed\\\/le-monde-connecte\\\/#primaryimage\"},\"thumbnailUrl\":\"https:\\\/\\\/www.gassendi.asso.fr\\\/wpg\\\/wp-content\\\/uploads\\\/2019\\\/08\\\/monde_connecte04.jpg\",\"datePublished\":\"2019-08-14T10:53:43+00:00\",\"dateModified\":\"2020-12-07T18:27:37+00:00\",\"description\":\"Le monde connect\u00e9 prend de plus en plus de place dans notre vie. Il nous offre de plus en plus de services\",\"breadcrumb\":{\"@id\":\"https:\\\/\\\/www.gassendi.asso.fr\\\/wpg\\\/les-cours__trashed\\\/le-monde-connecte\\\/#breadcrumb\"},\"inLanguage\":\"fr-FR\",\"potentialAction\":[{\"@type\":\"ReadAction\",\"target\":[\"https:\\\/\\\/www.gassendi.asso.fr\\\/wpg\\\/les-cours__trashed\\\/le-monde-connecte\\\/\"]}]},{\"@type\":\"ImageObject\",\"inLanguage\":\"fr-FR\",\"@id\":\"https:\\\/\\\/www.gassendi.asso.fr\\\/wpg\\\/les-cours__trashed\\\/le-monde-connecte\\\/#primaryimage\",\"url\":\"https:\\\/\\\/www.gassendi.asso.fr\\\/wpg\\\/wp-content\\\/uploads\\\/2019\\\/08\\\/monde_connecte04.jpg\",\"contentUrl\":\"https:\\\/\\\/www.gassendi.asso.fr\\\/wpg\\\/wp-content\\\/uploads\\\/2019\\\/08\\\/monde_connecte04.jpg\",\"width\":820,\"height\":463,\"caption\":\"Ateliers objets connect\u00e9s - exemple de r\u00e9alisation\"},{\"@type\":\"BreadcrumbList\",\"@id\":\"https:\\\/\\\/www.gassendi.asso.fr\\\/wpg\\\/les-cours__trashed\\\/le-monde-connecte\\\/#breadcrumb\",\"itemListElement\":[{\"@type\":\"ListItem\",\"position\":1,\"name\":\"Accueil\",\"item\":\"https:\\\/\\\/www.gassendi.asso.fr\\\/wpg\\\/\"},{\"@type\":\"ListItem\",\"position\":2,\"name\":\"Le monde connect\u00e9\"}]},{\"@type\":\"WebSite\",\"@id\":\"https:\\\/\\\/www.gassendi.asso.fr\\\/wpg\\\/#website\",\"url\":\"https:\\\/\\\/www.gassendi.asso.fr\\\/wpg\\\/\",\"name\":\"Club Informatique Gassendi\",\"description\":\"L&#039;autre fa\u00e7on d&#039;apprendre l&#039;informatique ...\",\"publisher\":{\"@id\":\"https:\\\/\\\/www.gassendi.asso.fr\\\/wpg\\\/#organization\"},\"potentialAction\":[{\"@type\":\"SearchAction\",\"target\":{\"@type\":\"EntryPoint\",\"urlTemplate\":\"https:\\\/\\\/www.gassendi.asso.fr\\\/wpg\\\/?s={search_term_string}\"},\"query-input\":{\"@type\":\"PropertyValueSpecification\",\"valueRequired\":true,\"valueName\":\"search_term_string\"}}],\"inLanguage\":\"fr-FR\"},{\"@type\":\"Organization\",\"@id\":\"https:\\\/\\\/www.gassendi.asso.fr\\\/wpg\\\/#organization\",\"name\":\"Club Informatique Gassendi\",\"url\":\"https:\\\/\\\/www.gassendi.asso.fr\\\/wpg\\\/\",\"logo\":{\"@type\":\"ImageObject\",\"inLanguage\":\"fr-FR\",\"@id\":\"https:\\\/\\\/www.gassendi.asso.fr\\\/wpg\\\/#\\\/schema\\\/logo\\\/image\\\/\",\"url\":\"http:\\\/\\\/www.gassendi.asso.fr\\\/wpg\\\/wp-content\\\/uploads\\\/2019\\\/06\\\/logo-cig_165x150.jpg\",\"contentUrl\":\"http:\\\/\\\/www.gassendi.asso.fr\\\/wpg\\\/wp-content\\\/uploads\\\/2019\\\/06\\\/logo-cig_165x150.jpg\",\"width\":165,\"height\":150,\"caption\":\"Club Informatique Gassendi\"},\"image\":{\"@id\":\"https:\\\/\\\/www.gassendi.asso.fr\\\/wpg\\\/#\\\/schema\\\/logo\\\/image\\\/\"}}]}<\/script>\n<!-- \/ Yoast SEO plugin. -->","yoast_head_json":{"title":"Le monde connect\u00e9 - Club Informatique Gassendi","description":"Le monde connect\u00e9 prend de plus en plus de place dans notre vie. Il nous offre de plus en plus de services","robots":{"index":"index","follow":"follow","max-snippet":"max-snippet:-1","max-image-preview":"max-image-preview:large","max-video-preview":"max-video-preview:-1"},"canonical":"https:\/\/www.gassendi.asso.fr\/wpg\/les-cours__trashed\/le-monde-connecte\/","og_locale":"fr_FR","og_type":"article","og_title":"Le monde connect\u00e9 - Club Informatique Gassendi","og_description":"Le monde connect\u00e9 prend de plus en plus de place dans notre vie. Il nous offre de plus en plus de services","og_url":"https:\/\/www.gassendi.asso.fr\/wpg\/les-cours__trashed\/le-monde-connecte\/","og_site_name":"Club Informatique Gassendi","article_modified_time":"2020-12-07T18:27:37+00:00","og_image":[{"width":820,"height":463,"url":"https:\/\/www.gassendi.asso.fr\/wpg\/wp-content\/uploads\/2019\/08\/monde_connecte04.jpg","type":"image\/jpeg"}],"twitter_card":"summary_large_image","twitter_misc":{"Dur\u00e9e de lecture estim\u00e9e":"2 minutes"},"schema":{"@context":"https:\/\/schema.org","@graph":[{"@type":"WebPage","@id":"https:\/\/www.gassendi.asso.fr\/wpg\/les-cours__trashed\/le-monde-connecte\/","url":"https:\/\/www.gassendi.asso.fr\/wpg\/les-cours__trashed\/le-monde-connecte\/","name":"Le monde connect\u00e9 - Club Informatique Gassendi","isPartOf":{"@id":"https:\/\/www.gassendi.asso.fr\/wpg\/#website"},"primaryImageOfPage":{"@id":"https:\/\/www.gassendi.asso.fr\/wpg\/les-cours__trashed\/le-monde-connecte\/#primaryimage"},"image":{"@id":"https:\/\/www.gassendi.asso.fr\/wpg\/les-cours__trashed\/le-monde-connecte\/#primaryimage"},"thumbnailUrl":"https:\/\/www.gassendi.asso.fr\/wpg\/wp-content\/uploads\/2019\/08\/monde_connecte04.jpg","datePublished":"2019-08-14T10:53:43+00:00","dateModified":"2020-12-07T18:27:37+00:00","description":"Le monde connect\u00e9 prend de plus en plus de place dans notre vie. Il nous offre de plus en plus de services","breadcrumb":{"@id":"https:\/\/www.gassendi.asso.fr\/wpg\/les-cours__trashed\/le-monde-connecte\/#breadcrumb"},"inLanguage":"fr-FR","potentialAction":[{"@type":"ReadAction","target":["https:\/\/www.gassendi.asso.fr\/wpg\/les-cours__trashed\/le-monde-connecte\/"]}]},{"@type":"ImageObject","inLanguage":"fr-FR","@id":"https:\/\/www.gassendi.asso.fr\/wpg\/les-cours__trashed\/le-monde-connecte\/#primaryimage","url":"https:\/\/www.gassendi.asso.fr\/wpg\/wp-content\/uploads\/2019\/08\/monde_connecte04.jpg","contentUrl":"https:\/\/www.gassendi.asso.fr\/wpg\/wp-content\/uploads\/2019\/08\/monde_connecte04.jpg","width":820,"height":463,"caption":"Ateliers objets connect\u00e9s - exemple de r\u00e9alisation"},{"@type":"BreadcrumbList","@id":"https:\/\/www.gassendi.asso.fr\/wpg\/les-cours__trashed\/le-monde-connecte\/#breadcrumb","itemListElement":[{"@type":"ListItem","position":1,"name":"Accueil","item":"https:\/\/www.gassendi.asso.fr\/wpg\/"},{"@type":"ListItem","position":2,"name":"Le monde connect\u00e9"}]},{"@type":"WebSite","@id":"https:\/\/www.gassendi.asso.fr\/wpg\/#website","url":"https:\/\/www.gassendi.asso.fr\/wpg\/","name":"Club Informatique Gassendi","description":"L&#039;autre fa\u00e7on d&#039;apprendre l&#039;informatique ...","publisher":{"@id":"https:\/\/www.gassendi.asso.fr\/wpg\/#organization"},"potentialAction":[{"@type":"SearchAction","target":{"@type":"EntryPoint","urlTemplate":"https:\/\/www.gassendi.asso.fr\/wpg\/?s={search_term_string}"},"query-input":{"@type":"PropertyValueSpecification","valueRequired":true,"valueName":"search_term_string"}}],"inLanguage":"fr-FR"},{"@type":"Organization","@id":"https:\/\/www.gassendi.asso.fr\/wpg\/#organization","name":"Club Informatique Gassendi","url":"https:\/\/www.gassendi.asso.fr\/wpg\/","logo":{"@type":"ImageObject","inLanguage":"fr-FR","@id":"https:\/\/www.gassendi.asso.fr\/wpg\/#\/schema\/logo\/image\/","url":"http:\/\/www.gassendi.asso.fr\/wpg\/wp-content\/uploads\/2019\/06\/logo-cig_165x150.jpg","contentUrl":"http:\/\/www.gassendi.asso.fr\/wpg\/wp-content\/uploads\/2019\/06\/logo-cig_165x150.jpg","width":165,"height":150,"caption":"Club Informatique Gassendi"},"image":{"@id":"https:\/\/www.gassendi.asso.fr\/wpg\/#\/schema\/logo\/image\/"}}]}},"_links":{"self":[{"href":"https:\/\/www.gassendi.asso.fr\/wpg\/wp-json\/wp\/v2\/pages\/489","targetHints":{"allow":["GET"]}}],"collection":[{"href":"https:\/\/www.gassendi.asso.fr\/wpg\/wp-json\/wp\/v2\/pages"}],"about":[{"href":"https:\/\/www.gassendi.asso.fr\/wpg\/wp-json\/wp\/v2\/types\/page"}],"author":[{"embeddable":true,"href":"https:\/\/www.gassendi.asso.fr\/wpg\/wp-json\/wp\/v2\/users\/1"}],"replies":[{"embeddable":true,"href":"https:\/\/www.gassendi.asso.fr\/wpg\/wp-json\/wp\/v2\/comments?post=489"}],"version-history":[{"count":10,"href":"https:\/\/www.gassendi.asso.fr\/wpg\/wp-json\/wp\/v2\/pages\/489\/revisions"}],"predecessor-version":[{"id":510,"href":"https:\/\/www.gassendi.asso.fr\/wpg\/wp-json\/wp\/v2\/pages\/489\/revisions\/510"}],"wp:featuredmedia":[{"embeddable":true,"href":"https:\/\/www.gassendi.asso.fr\/wpg\/wp-json\/wp\/v2\/media\/496"}],"wp:attachment":[{"href":"https:\/\/www.gassendi.asso.fr\/wpg\/wp-json\/wp\/v2\/media?parent=489"}],"curies":[{"name":"wp","href":"https:\/\/api.w.org\/{rel}","templated":true}]}}