{"id":868,"date":"2020-10-08T15:58:01","date_gmt":"2020-10-08T13:58:01","guid":{"rendered":"http:\/\/www.gassendi.asso.fr\/wpg\/?page_id=868"},"modified":"2021-11-26T17:32:26","modified_gmt":"2021-11-26T16:32:26","slug":"travaux-pratiques-objets-connectes","status":"publish","type":"page","link":"https:\/\/www.gassendi.asso.fr\/wpg\/le-monde-connecte\/travaux-pratiques-objets-connectes\/","title":{"rendered":"Le monde de la Pi"},"content":{"rendered":"\n<p>L&rsquo;ambition de ce cours est de permettre la r\u00e9alisation de projets concrets. Chaque participant a la possibilit\u00e9 de fabriquer, avec l&rsquo;aide du club, sa propre d\u00e9clinaison du produit choisi par le groupe. Notre objectif de l&rsquo;ann\u00e9e 2020-2021 est de r\u00e9aliser un bo\u00eetier qui recevra des informations issues :<\/p>\n<ul>\n<li>de diff\u00e9rents capteurs, <br>\n<ul>\n<li>de temp\u00e9rature (on est des frileux) ;<\/li>\n<li>d&rsquo;humidit\u00e9 (on est aussi des jardiniers) ;<\/li>\n<li>de vent (on a le nez d\u00e9licat)<\/li>\n<li>de pr\u00e9sence d&rsquo;eau (on craint les inondations) ;<\/li>\n<\/ul>\n<\/li>\n<li>de sites Internet,\n<ul>\n<li>m\u00e9t\u00e9o ( on est vigilant)<\/li>\n<li>tremblement de terre&nbsp; (on est des inquiets);<\/li>\n<\/ul>\n<\/li>\n<li>de cam\u00e9ra (on est des curieux)<\/li>\n<\/ul>\n<p>Ce boitier sera reli\u00e9 \u00e0 un \u00e9cran qui affichera ces informations en temps r\u00e9el et une liaison Internet transmettra ces donn\u00e9es, afin qu&rsquo;elles soient lisibles sur un smartphone (au moins on a quelque chose d&rsquo;intelligent), une tablette, un PC.<\/p>\n<p>Tout \u00e7a se fera \u00e0 l&rsquo;aide d&rsquo;un Raspberry Pi 4&#8230; de quelques capteurs &#8230; d&rsquo;un \u00e9cran &#8230; et de pas mal de boulot. <img fetchpriority=\"high\" decoding=\"async\" class=\"alignnone size-medium wp-image-870\" src=\"https:\/\/www.gassendi.asso.fr\/wpg\/wp-content\/uploads\/2020\/10\/Pi_raspberry-4_light-300x208.jpg\" alt=\"Raspberry Pi 4\" width=\"300\" height=\"208\" srcset=\"https:\/\/www.gassendi.asso.fr\/wpg\/wp-content\/uploads\/2020\/10\/Pi_raspberry-4_light-300x208.jpg 300w, https:\/\/www.gassendi.asso.fr\/wpg\/wp-content\/uploads\/2020\/10\/Pi_raspberry-4_light.jpg 743w\" sizes=\"(max-width: 300px) 100vw, 300px\" \/><\/p>\n","protected":false},"excerpt":{"rendered":"<p>L&rsquo;ambition de ce cours est de permettre la r\u00e9alisation de projets concrets. Chaque participant a la possibilit\u00e9 de fabriquer, avec l&rsquo;aide du club, sa propre d\u00e9clinaison du produit choisi par le groupe. Notre objectif de l&rsquo;ann\u00e9e 2020-2021 est de r\u00e9aliser<\/p>\n","protected":false},"author":6,"featured_media":0,"parent":489,"menu_order":0,"comment_status":"closed","ping_status":"closed","template":"","meta":{"_eb_attr":"","_exactmetrics_skip_tracking":false,"_exactmetrics_sitenote_active":false,"_exactmetrics_sitenote_note":"","_exactmetrics_sitenote_category":0,"footnotes":""},"class_list":["post-868","page","type-page","status-publish","hentry"],"yoast_head":"<!-- This site is optimized with the Yoast SEO plugin v27.5 - https:\/\/yoast.com\/product\/yoast-seo-wordpress\/ -->\n<title>Le monde de la Pi - Club Informatique Gassendi<\/title>\n<meta name=\"robots\" content=\"index, follow, max-snippet:-1, max-image-preview:large, max-video-preview:-1\" \/>\n<link rel=\"canonical\" href=\"https:\/\/www.gassendi.asso.fr\/wpg\/les-cours__trashed\/le-monde-connecte\/travaux-pratiques-objets-connectes\/\" \/>\n<meta property=\"og:locale\" content=\"fr_FR\" \/>\n<meta property=\"og:type\" content=\"article\" \/>\n<meta property=\"og:title\" content=\"Le monde de la Pi - Club Informatique Gassendi\" \/>\n<meta property=\"og:description\" content=\"L&rsquo;ambition de ce cours est de permettre la r\u00e9alisation de projets concrets. Chaque participant a la possibilit\u00e9 de fabriquer, avec l&rsquo;aide du club, sa propre d\u00e9clinaison du produit choisi par le groupe. Notre objectif de l&rsquo;ann\u00e9e 2020-2021 est de r\u00e9aliser\" \/>\n<meta property=\"og:url\" content=\"https:\/\/www.gassendi.asso.fr\/wpg\/les-cours__trashed\/le-monde-connecte\/travaux-pratiques-objets-connectes\/\" \/>\n<meta property=\"og:site_name\" content=\"Club Informatique Gassendi\" \/>\n<meta property=\"article:modified_time\" content=\"2021-11-26T16:32:26+00:00\" \/>\n<meta property=\"og:image\" content=\"http:\/\/www.gassendi.asso.fr\/wpg\/wp-content\/uploads\/2020\/10\/Pi_raspberry-4_light-300x208.jpg\" \/>\n<meta name=\"twitter:card\" content=\"summary_large_image\" \/>\n<meta name=\"twitter:label1\" content=\"Dur\u00e9e de lecture estim\u00e9e\" \/>\n\t<meta name=\"twitter:data1\" content=\"1 minute\" \/>\n<script type=\"application\/ld+json\" class=\"yoast-schema-graph\">{\"@context\":\"https:\\\/\\\/schema.org\",\"@graph\":[{\"@type\":\"WebPage\",\"@id\":\"https:\\\/\\\/www.gassendi.asso.fr\\\/wpg\\\/les-cours__trashed\\\/le-monde-connecte\\\/travaux-pratiques-objets-connectes\\\/\",\"url\":\"https:\\\/\\\/www.gassendi.asso.fr\\\/wpg\\\/les-cours__trashed\\\/le-monde-connecte\\\/travaux-pratiques-objets-connectes\\\/\",\"name\":\"Le monde de la Pi - Club Informatique Gassendi\",\"isPartOf\":{\"@id\":\"https:\\\/\\\/www.gassendi.asso.fr\\\/wpg\\\/#website\"},\"primaryImageOfPage\":{\"@id\":\"https:\\\/\\\/www.gassendi.asso.fr\\\/wpg\\\/les-cours__trashed\\\/le-monde-connecte\\\/travaux-pratiques-objets-connectes\\\/#primaryimage\"},\"image\":{\"@id\":\"https:\\\/\\\/www.gassendi.asso.fr\\\/wpg\\\/les-cours__trashed\\\/le-monde-connecte\\\/travaux-pratiques-objets-connectes\\\/#primaryimage\"},\"thumbnailUrl\":\"http:\\\/\\\/www.gassendi.asso.fr\\\/wpg\\\/wp-content\\\/uploads\\\/2020\\\/10\\\/Pi_raspberry-4_light-300x208.jpg\",\"datePublished\":\"2020-10-08T13:58:01+00:00\",\"dateModified\":\"2021-11-26T16:32:26+00:00\",\"breadcrumb\":{\"@id\":\"https:\\\/\\\/www.gassendi.asso.fr\\\/wpg\\\/les-cours__trashed\\\/le-monde-connecte\\\/travaux-pratiques-objets-connectes\\\/#breadcrumb\"},\"inLanguage\":\"fr-FR\",\"potentialAction\":[{\"@type\":\"ReadAction\",\"target\":[\"https:\\\/\\\/www.gassendi.asso.fr\\\/wpg\\\/les-cours__trashed\\\/le-monde-connecte\\\/travaux-pratiques-objets-connectes\\\/\"]}]},{\"@type\":\"ImageObject\",\"inLanguage\":\"fr-FR\",\"@id\":\"https:\\\/\\\/www.gassendi.asso.fr\\\/wpg\\\/les-cours__trashed\\\/le-monde-connecte\\\/travaux-pratiques-objets-connectes\\\/#primaryimage\",\"url\":\"http:\\\/\\\/www.gassendi.asso.fr\\\/wpg\\\/wp-content\\\/uploads\\\/2020\\\/10\\\/Pi_raspberry-4_light-300x208.jpg\",\"contentUrl\":\"http:\\\/\\\/www.gassendi.asso.fr\\\/wpg\\\/wp-content\\\/uploads\\\/2020\\\/10\\\/Pi_raspberry-4_light-300x208.jpg\"},{\"@type\":\"BreadcrumbList\",\"@id\":\"https:\\\/\\\/www.gassendi.asso.fr\\\/wpg\\\/les-cours__trashed\\\/le-monde-connecte\\\/travaux-pratiques-objets-connectes\\\/#breadcrumb\",\"itemListElement\":[{\"@type\":\"ListItem\",\"position\":1,\"name\":\"Accueil\",\"item\":\"https:\\\/\\\/www.gassendi.asso.fr\\\/wpg\\\/\"},{\"@type\":\"ListItem\",\"position\":2,\"name\":\"Le monde connect\u00e9\",\"item\":\"https:\\\/\\\/www.gassendi.asso.fr\\\/wpg\\\/les-cours__trashed\\\/le-monde-connecte\\\/\"},{\"@type\":\"ListItem\",\"position\":3,\"name\":\"Le monde de la Pi\"}]},{\"@type\":\"WebSite\",\"@id\":\"https:\\\/\\\/www.gassendi.asso.fr\\\/wpg\\\/#website\",\"url\":\"https:\\\/\\\/www.gassendi.asso.fr\\\/wpg\\\/\",\"name\":\"Club Informatique Gassendi\",\"description\":\"L&#039;autre fa\u00e7on d&#039;apprendre l&#039;informatique ...\",\"publisher\":{\"@id\":\"https:\\\/\\\/www.gassendi.asso.fr\\\/wpg\\\/#organization\"},\"potentialAction\":[{\"@type\":\"SearchAction\",\"target\":{\"@type\":\"EntryPoint\",\"urlTemplate\":\"https:\\\/\\\/www.gassendi.asso.fr\\\/wpg\\\/?s={search_term_string}\"},\"query-input\":{\"@type\":\"PropertyValueSpecification\",\"valueRequired\":true,\"valueName\":\"search_term_string\"}}],\"inLanguage\":\"fr-FR\"},{\"@type\":\"Organization\",\"@id\":\"https:\\\/\\\/www.gassendi.asso.fr\\\/wpg\\\/#organization\",\"name\":\"Club Informatique Gassendi\",\"url\":\"https:\\\/\\\/www.gassendi.asso.fr\\\/wpg\\\/\",\"logo\":{\"@type\":\"ImageObject\",\"inLanguage\":\"fr-FR\",\"@id\":\"https:\\\/\\\/www.gassendi.asso.fr\\\/wpg\\\/#\\\/schema\\\/logo\\\/image\\\/\",\"url\":\"http:\\\/\\\/www.gassendi.asso.fr\\\/wpg\\\/wp-content\\\/uploads\\\/2019\\\/06\\\/logo-cig_165x150.jpg\",\"contentUrl\":\"http:\\\/\\\/www.gassendi.asso.fr\\\/wpg\\\/wp-content\\\/uploads\\\/2019\\\/06\\\/logo-cig_165x150.jpg\",\"width\":165,\"height\":150,\"caption\":\"Club Informatique Gassendi\"},\"image\":{\"@id\":\"https:\\\/\\\/www.gassendi.asso.fr\\\/wpg\\\/#\\\/schema\\\/logo\\\/image\\\/\"}}]}<\/script>\n<!-- \/ Yoast SEO plugin. -->","yoast_head_json":{"title":"Le monde de la Pi - Club Informatique Gassendi","robots":{"index":"index","follow":"follow","max-snippet":"max-snippet:-1","max-image-preview":"max-image-preview:large","max-video-preview":"max-video-preview:-1"},"canonical":"https:\/\/www.gassendi.asso.fr\/wpg\/les-cours__trashed\/le-monde-connecte\/travaux-pratiques-objets-connectes\/","og_locale":"fr_FR","og_type":"article","og_title":"Le monde de la Pi - Club Informatique Gassendi","og_description":"L&rsquo;ambition de ce cours est de permettre la r\u00e9alisation de projets concrets. Chaque participant a la possibilit\u00e9 de fabriquer, avec l&rsquo;aide du club, sa propre d\u00e9clinaison du produit choisi par le groupe. Notre objectif de l&rsquo;ann\u00e9e 2020-2021 est de r\u00e9aliser","og_url":"https:\/\/www.gassendi.asso.fr\/wpg\/les-cours__trashed\/le-monde-connecte\/travaux-pratiques-objets-connectes\/","og_site_name":"Club Informatique Gassendi","article_modified_time":"2021-11-26T16:32:26+00:00","og_image":[{"url":"http:\/\/www.gassendi.asso.fr\/wpg\/wp-content\/uploads\/2020\/10\/Pi_raspberry-4_light-300x208.jpg","type":"","width":"","height":""}],"twitter_card":"summary_large_image","twitter_misc":{"Dur\u00e9e de lecture estim\u00e9e":"1 minute"},"schema":{"@context":"https:\/\/schema.org","@graph":[{"@type":"WebPage","@id":"https:\/\/www.gassendi.asso.fr\/wpg\/les-cours__trashed\/le-monde-connecte\/travaux-pratiques-objets-connectes\/","url":"https:\/\/www.gassendi.asso.fr\/wpg\/les-cours__trashed\/le-monde-connecte\/travaux-pratiques-objets-connectes\/","name":"Le monde de la Pi - Club Informatique Gassendi","isPartOf":{"@id":"https:\/\/www.gassendi.asso.fr\/wpg\/#website"},"primaryImageOfPage":{"@id":"https:\/\/www.gassendi.asso.fr\/wpg\/les-cours__trashed\/le-monde-connecte\/travaux-pratiques-objets-connectes\/#primaryimage"},"image":{"@id":"https:\/\/www.gassendi.asso.fr\/wpg\/les-cours__trashed\/le-monde-connecte\/travaux-pratiques-objets-connectes\/#primaryimage"},"thumbnailUrl":"http:\/\/www.gassendi.asso.fr\/wpg\/wp-content\/uploads\/2020\/10\/Pi_raspberry-4_light-300x208.jpg","datePublished":"2020-10-08T13:58:01+00:00","dateModified":"2021-11-26T16:32:26+00:00","breadcrumb":{"@id":"https:\/\/www.gassendi.asso.fr\/wpg\/les-cours__trashed\/le-monde-connecte\/travaux-pratiques-objets-connectes\/#breadcrumb"},"inLanguage":"fr-FR","potentialAction":[{"@type":"ReadAction","target":["https:\/\/www.gassendi.asso.fr\/wpg\/les-cours__trashed\/le-monde-connecte\/travaux-pratiques-objets-connectes\/"]}]},{"@type":"ImageObject","inLanguage":"fr-FR","@id":"https:\/\/www.gassendi.asso.fr\/wpg\/les-cours__trashed\/le-monde-connecte\/travaux-pratiques-objets-connectes\/#primaryimage","url":"http:\/\/www.gassendi.asso.fr\/wpg\/wp-content\/uploads\/2020\/10\/Pi_raspberry-4_light-300x208.jpg","contentUrl":"http:\/\/www.gassendi.asso.fr\/wpg\/wp-content\/uploads\/2020\/10\/Pi_raspberry-4_light-300x208.jpg"},{"@type":"BreadcrumbList","@id":"https:\/\/www.gassendi.asso.fr\/wpg\/les-cours__trashed\/le-monde-connecte\/travaux-pratiques-objets-connectes\/#breadcrumb","itemListElement":[{"@type":"ListItem","position":1,"name":"Accueil","item":"https:\/\/www.gassendi.asso.fr\/wpg\/"},{"@type":"ListItem","position":2,"name":"Le monde connect\u00e9","item":"https:\/\/www.gassendi.asso.fr\/wpg\/les-cours__trashed\/le-monde-connecte\/"},{"@type":"ListItem","position":3,"name":"Le monde de la Pi"}]},{"@type":"WebSite","@id":"https:\/\/www.gassendi.asso.fr\/wpg\/#website","url":"https:\/\/www.gassendi.asso.fr\/wpg\/","name":"Club Informatique Gassendi","description":"L&#039;autre fa\u00e7on d&#039;apprendre l&#039;informatique ...","publisher":{"@id":"https:\/\/www.gassendi.asso.fr\/wpg\/#organization"},"potentialAction":[{"@type":"SearchAction","target":{"@type":"EntryPoint","urlTemplate":"https:\/\/www.gassendi.asso.fr\/wpg\/?s={search_term_string}"},"query-input":{"@type":"PropertyValueSpecification","valueRequired":true,"valueName":"search_term_string"}}],"inLanguage":"fr-FR"},{"@type":"Organization","@id":"https:\/\/www.gassendi.asso.fr\/wpg\/#organization","name":"Club Informatique Gassendi","url":"https:\/\/www.gassendi.asso.fr\/wpg\/","logo":{"@type":"ImageObject","inLanguage":"fr-FR","@id":"https:\/\/www.gassendi.asso.fr\/wpg\/#\/schema\/logo\/image\/","url":"http:\/\/www.gassendi.asso.fr\/wpg\/wp-content\/uploads\/2019\/06\/logo-cig_165x150.jpg","contentUrl":"http:\/\/www.gassendi.asso.fr\/wpg\/wp-content\/uploads\/2019\/06\/logo-cig_165x150.jpg","width":165,"height":150,"caption":"Club Informatique Gassendi"},"image":{"@id":"https:\/\/www.gassendi.asso.fr\/wpg\/#\/schema\/logo\/image\/"}}]}},"_links":{"self":[{"href":"https:\/\/www.gassendi.asso.fr\/wpg\/wp-json\/wp\/v2\/pages\/868","targetHints":{"allow":["GET"]}}],"collection":[{"href":"https:\/\/www.gassendi.asso.fr\/wpg\/wp-json\/wp\/v2\/pages"}],"about":[{"href":"https:\/\/www.gassendi.asso.fr\/wpg\/wp-json\/wp\/v2\/types\/page"}],"author":[{"embeddable":true,"href":"https:\/\/www.gassendi.asso.fr\/wpg\/wp-json\/wp\/v2\/users\/6"}],"replies":[{"embeddable":true,"href":"https:\/\/www.gassendi.asso.fr\/wpg\/wp-json\/wp\/v2\/comments?post=868"}],"version-history":[{"count":5,"href":"https:\/\/www.gassendi.asso.fr\/wpg\/wp-json\/wp\/v2\/pages\/868\/revisions"}],"predecessor-version":[{"id":1767,"href":"https:\/\/www.gassendi.asso.fr\/wpg\/wp-json\/wp\/v2\/pages\/868\/revisions\/1767"}],"up":[{"embeddable":true,"href":"https:\/\/www.gassendi.asso.fr\/wpg\/wp-json\/wp\/v2\/pages\/489"}],"wp:attachment":[{"href":"https:\/\/www.gassendi.asso.fr\/wpg\/wp-json\/wp\/v2\/media?parent=868"}],"curies":[{"name":"wp","href":"https:\/\/api.w.org\/{rel}","templated":true}]}}