{"id":934,"date":"2020-11-09T16:15:30","date_gmt":"2020-11-09T15:15:30","guid":{"rendered":"http:\/\/www.gassendi.asso.fr\/wpg\/?page_id=934"},"modified":"2021-04-09T18:57:13","modified_gmt":"2021-04-09T16:57:13","slug":"tutos-tout-en-video","status":"publish","type":"page","link":"https:\/\/www.gassendi.asso.fr\/wpg\/tutos-tout-en-video\/","title":{"rendered":"Tutos tout en vid\u00e9os"},"content":{"rendered":"\n<p>\u00a0<\/p>\n<hr \/>\n<p><span style=\"color: #ff00ff;\">Pour voir les vid\u00e9os, un simple clic gauche sur le lien &#8230;.. (vid\u00e9o) vous enverra sur le site YouTube et lancera la vid\u00e9o automatiquement.\u00a0 <\/span><\/p>\n<p><span style=\"color: #ff00ff;\">Pour les supports PDF, il suffit de faire un clic gauche ( Microsoft Edge,\u00a0 Chrome et Opera) pour afficher le support du cours (vous pourrez l&rsquo;enregistrer en cliquant sur l\u2019ic\u00f4ne en haut \u00e0 droite (en forme de disquette) \u00e0 cot\u00e9 de l\u2019ic\u00f4ne en forme d&rsquo;imprimante ou sur le bouton de t\u00e9l\u00e9chargement.<\/span><\/p>\n<hr \/>\n<p><a href=\"https:\/\/youtu.be\/0PwFmUJZglk\">01 Microsoft Edge : (Vid\u00e9o)<\/a><\/p>\n<hr \/>\n<p><a href=\"https:\/\/youtu.be\/XbE1t1hdFiE\">02 Le moteur de recherche de Google : (Vid\u00e9o)<\/a><\/p>\n<p><a href=\"https:\/\/www.gassendi.asso.fr\/wpg\/wp-content\/uploads\/2020\/12\/tutos_de_titi_16_moteur_de_recherche_V0.1.pdf\"><span style=\"color: #00ccff;\">Support PDF :\u00a0 moteur de recherche<\/span><\/a><\/p>\n<hr \/>\n<p><a href=\"https:\/\/youtu.be\/e7zzalXXcC4\">03 L&rsquo;application Microsoft votre t\u00e9l\u00e9phone<\/a><a href=\"https:\/\/youtu.be\/0PwFmUJZglk\">(Vid\u00e9o)<\/a><a href=\"https:\/\/youtu.be\/e7zzalXXcC4\">)<\/a><\/p>\n<p><span style=\"color: #00ffff;\"><a style=\"color: #00ffff;\" href=\"https:\/\/www.gassendi.asso.fr\/wpg\/wp-content\/uploads\/2021\/02\/tutos_de_titi_17_application_Votre_Telephone_V0.1.pdf\"><span style=\"color: #00ccff;\">Support PDF : application Votre T\u00e9l\u00e9phone<\/span><\/a><\/span><\/p>\n<hr \/>\n<p><a href=\"https:\/\/youtu.be\/WGzlUJ4RHhQ\">04 Les liens hypertextes : (Vid\u00e9o)<\/a><\/p>\n<p><span style=\"color: #00ccff;\"><a style=\"color: #00ccff;\" href=\"https:\/\/www.gassendi.asso.fr\/wpg\/wp-content\/uploads\/2020\/12\/tutos_de_titi_16_moteur_de_recherche_V0.1.pdf\">Support PDF :<\/a><\/span><a href=\"https:\/\/www.gassendi.asso.fr\/wpg\/wp-content\/uploads\/2020\/12\/tutos_de_titi_19_lien_hypertexte_V0.2.pdf\"><span style=\"color: #00ccff;\"> lien hypertexte<\/span><\/a><\/p>\n<hr \/>\n<p><a href=\"https:\/\/youtu.be\/DAovJYeSFSg\">05 Le traitement des images ; les calques <\/a><a href=\"https:\/\/youtu.be\/0PwFmUJZglk\">(Vid\u00e9o)<\/a><\/p>\n<p><a href=\"https:\/\/www.gassendi.asso.fr\/wpg\/wp-content\/uploads\/2020\/12\/tutos_de_titi_20_retouche_image_avec_Logiciel_Paint-Net_V0.1.pdf\"><span style=\"color: #00ccff;\">Support PDF :\u00a0 retouche d&rsquo;images avec Logiciel Paint-Net<\/span><\/a><\/p>\n<hr \/>\n<p><a href=\"https:\/\/youtu.be\/voBCqTSNNjs\">06 modifier un fichier PDF ; PDF XChange Editor <\/a><a href=\"https:\/\/youtu.be\/0PwFmUJZglk\">(Vid\u00e9o)<\/a><\/p>\n<p><span style=\"color: #00ccff;\"><a style=\"color: #00ccff;\" href=\"https:\/\/www.gassendi.asso.fr\/wpg\/wp-content\/uploads\/2020\/12\/tutos_de_titi_21_modifications_fichiers_pdf_V0.1-1.pdf\">Support PDF : modifications de fichiers PDF<\/a><\/span><\/p>\n<hr \/>\n<p><a href=\"https:\/\/youtu.be\/onwa-bXYWWE\">07 crypter vos donn\u00e9es ; VeraCrypt (vid\u00e9o)<\/a><\/p>\n<p><a href=\"https:\/\/www.gassendi.asso.fr\/wpg\/wp-content\/uploads\/2021\/02\/tutos_de_titi_22_crypter_vos_donnees_V0.1.pdf\"><span style=\"color: #00ccff;\">Support PDF : crypter vos donn\u00e9es avec VeraCrypt<\/span><\/a><\/p>\n<hr \/>\n<p><a href=\"https:\/\/youtu.be\/yHm8NYr4Ioo\">08 LibreOffice Writer : suivi_modifications (vid\u00e9o)<\/a><\/p>\n<p><a href=\"https:\/\/www.gassendi.asso.fr\/wpg\/wp-content\/uploads\/2021\/02\/tutos_de_titi_23_Libre-office-Writer_suivi_modifications_V0.1.pdf\"><span style=\"color: #00ccff;\">Support PDF : LibreOffice Writer suivi des modifications<\/span><\/a><\/p>\n<hr \/>\n<p><span style=\"color: #ff00ff;\">Pour les \u00e9l\u00e9ments \u00e0 t\u00e9l\u00e9charger, un clic droit suivi \u00ab\u00a0d&rsquo;enregistrer le lien sous\u00a0\u00bb (ou une formulation voisine) vous permettra de lancer le t\u00e9l\u00e9chargement du fichier compress\u00e9, il faudra ensuite aller avec l\u2019explorateur de fichiers dans votre dossier T\u00e9l\u00e9chargements, puis de faire un clic droit et de prendre l&rsquo;option \u00ab\u00a0extraire ici\u00a0\u00bb. Vous disposerez alors des fichiers que je vous ai pr\u00e9par\u00e9. (Pour une fois que c&rsquo;est simple ;=)\u00a0<\/span><\/p>\n<hr \/>\n<p><a href=\"https:\/\/youtu.be\/j6ZRkwAQCl8\">09 OpenShot Video editor : r\u00e9aliser un montage( vid\u00e9o)<\/a><\/p>\n<p><a href=\"https:\/\/www.gassendi.asso.fr\/wpg\/wp-content\/uploads\/2021\/01\/tutos_de_titi_24_OpenShot_video_editor_V0.1.pdf\"><span style=\"color: #00ccff;\">Support PDF: OpenShot Video Editor ; montage facile d&rsquo;une vid\u00e9o<\/span><\/a><\/p>\n<p><a href=\"https:\/\/www.gassendi.asso.fr\/wpg\/wp-content\/uploads\/2021\/01\/elements_tuto_24.zip\">elements_tuto_24 (\u00e0 t\u00e9l\u00e9charger)<\/a><\/p>\n<hr \/>\n<p><a href=\"https:\/\/youtu.be\/GZ2YWdr6a9Q\">10 Classer vos photos(vid\u00e9o)<\/a><\/p>\n<p><a href=\"https:\/\/www.gassendi.asso.fr\/wpg\/wp-content\/uploads\/2021\/02\/tutos_de_titi_25_classer_vos_photos_V0.1.pdf\"><span style=\"color: #00ccff;\">Support PDF : classer vos photos<\/span><\/a><\/p>\n<p><a href=\"https:\/\/www.gassendi.asso.fr\/wpg\/wp-content\/uploads\/2021\/02\/picasa38-setup.zip\">elements_tuto_25 (\u00e0 t\u00e9l\u00e9charger)<\/a><\/p>\n<hr \/>\n<p><a href=\"https:\/\/youtu.be\/uSim2lHAYPE\">11 Twitter pour \u00eatre entendu (vid\u00e9o)<\/a><\/p>\n<p><a href=\"https:\/\/www.gassendi.asso.fr\/wpg\/wp-content\/uploads\/2021\/03\/tuto_26_twitter_pour_etre_entendu_V0.1.pdf\"><span style=\"color: #00ffff;\"><span style=\"color: #00ccff;\">Support PDF : Twitter pour \u00eatre entendu<\/span><\/span><\/a><\/p>\n<hr \/>\n<p><span style=\"color: #00ccff;\"><a style=\"color: #00ccff;\" href=\"https:\/\/youtu.be\/Tmbd8zypfrU\"><span style=\"color: #33cccc;\"><span style=\"color: #0000ff;\"><span style=\"color: #3366ff;\"><span style=\"color: #00ccff;\"><span style=\"color: #99ccff;\"><span style=\"color: #333399;\"><span style=\"color: #0fbe7c;\">1<\/span><span style=\"color: #3366ff;\"><span style=\"color: #0000ff;\"><span style=\"color: #00ccff;\"><span style=\"color: #00ffff;\"><span style=\"color: #008080;\"><span style=\"color: #0fbe7c;\">2 sauvegarder_vos_courriels (vid\u00e9o)<\/span><\/span><\/span><\/span><\/span><\/span><\/span><\/span><\/span><\/span><\/span><\/span><\/a><\/span><\/p>\n<p><a href=\"https:\/\/www.gassendi.asso.fr\/wpg\/wp-content\/uploads\/2021\/04\/tutos_de_titi_27_sauvegarder_vos_courriels_V0.1.pdf\"><span style=\"color: #00ffff;\"><span style=\"color: #00ccff;\">Support PDF : Sauvegarder vos courriels<\/span><\/span><\/a><\/p>\n","protected":false},"excerpt":{"rendered":"<p>\u00a0 Pour voir les vid\u00e9os, un simple clic gauche sur le lien &#8230;.. (vid\u00e9o) vous enverra sur le site YouTube et lancera la vid\u00e9o automatiquement.\u00a0 Pour les supports PDF, il suffit de faire un clic gauche ( Microsoft Edge,\u00a0 Chrome<\/p>\n","protected":false},"author":6,"featured_media":0,"parent":0,"menu_order":0,"comment_status":"closed","ping_status":"closed","template":"","meta":{"_eb_attr":"","_exactmetrics_skip_tracking":false,"_exactmetrics_sitenote_active":false,"_exactmetrics_sitenote_note":"","_exactmetrics_sitenote_category":0,"footnotes":""},"class_list":["post-934","page","type-page","status-publish","hentry"],"yoast_head":"<!-- This site is optimized with the Yoast SEO plugin v27.4 - https:\/\/yoast.com\/product\/yoast-seo-wordpress\/ -->\n<title>Tutos tout en vid\u00e9os - Club Informatique Gassendi<\/title>\n<meta name=\"robots\" content=\"index, follow, max-snippet:-1, max-image-preview:large, max-video-preview:-1\" \/>\n<link rel=\"canonical\" href=\"https:\/\/www.gassendi.asso.fr\/wpg\/tutos-tout-en-video\/\" \/>\n<meta property=\"og:locale\" content=\"fr_FR\" \/>\n<meta property=\"og:type\" content=\"article\" \/>\n<meta property=\"og:title\" content=\"Tutos tout en vid\u00e9os - Club Informatique Gassendi\" \/>\n<meta property=\"og:description\" content=\"\u00a0 Pour voir les vid\u00e9os, un simple clic gauche sur le lien &#8230;.. (vid\u00e9o) vous enverra sur le site YouTube et lancera la vid\u00e9o automatiquement.\u00a0 Pour les supports PDF, il suffit de faire un clic gauche ( Microsoft Edge,\u00a0 Chrome\" \/>\n<meta property=\"og:url\" content=\"https:\/\/www.gassendi.asso.fr\/wpg\/tutos-tout-en-video\/\" \/>\n<meta property=\"og:site_name\" content=\"Club Informatique Gassendi\" \/>\n<meta property=\"article:modified_time\" content=\"2021-04-09T16:57:13+00:00\" \/>\n<meta name=\"twitter:card\" content=\"summary_large_image\" \/>\n<meta name=\"twitter:label1\" content=\"Dur\u00e9e de lecture estim\u00e9e\" \/>\n\t<meta name=\"twitter:data1\" content=\"2 minutes\" \/>\n<script type=\"application\/ld+json\" class=\"yoast-schema-graph\">{\"@context\":\"https:\\\/\\\/schema.org\",\"@graph\":[{\"@type\":\"WebPage\",\"@id\":\"https:\\\/\\\/www.gassendi.asso.fr\\\/wpg\\\/tutos-tout-en-video\\\/\",\"url\":\"https:\\\/\\\/www.gassendi.asso.fr\\\/wpg\\\/tutos-tout-en-video\\\/\",\"name\":\"Tutos tout en vid\u00e9os - Club Informatique Gassendi\",\"isPartOf\":{\"@id\":\"https:\\\/\\\/www.gassendi.asso.fr\\\/wpg\\\/#website\"},\"datePublished\":\"2020-11-09T15:15:30+00:00\",\"dateModified\":\"2021-04-09T16:57:13+00:00\",\"breadcrumb\":{\"@id\":\"https:\\\/\\\/www.gassendi.asso.fr\\\/wpg\\\/tutos-tout-en-video\\\/#breadcrumb\"},\"inLanguage\":\"fr-FR\",\"potentialAction\":[{\"@type\":\"ReadAction\",\"target\":[\"https:\\\/\\\/www.gassendi.asso.fr\\\/wpg\\\/tutos-tout-en-video\\\/\"]}]},{\"@type\":\"BreadcrumbList\",\"@id\":\"https:\\\/\\\/www.gassendi.asso.fr\\\/wpg\\\/tutos-tout-en-video\\\/#breadcrumb\",\"itemListElement\":[{\"@type\":\"ListItem\",\"position\":1,\"name\":\"Accueil\",\"item\":\"https:\\\/\\\/www.gassendi.asso.fr\\\/wpg\\\/\"},{\"@type\":\"ListItem\",\"position\":2,\"name\":\"Tutos tout en vid\u00e9os\"}]},{\"@type\":\"WebSite\",\"@id\":\"https:\\\/\\\/www.gassendi.asso.fr\\\/wpg\\\/#website\",\"url\":\"https:\\\/\\\/www.gassendi.asso.fr\\\/wpg\\\/\",\"name\":\"Club Informatique Gassendi\",\"description\":\"L&#039;autre fa\u00e7on d&#039;apprendre l&#039;informatique ...\",\"publisher\":{\"@id\":\"https:\\\/\\\/www.gassendi.asso.fr\\\/wpg\\\/#organization\"},\"potentialAction\":[{\"@type\":\"SearchAction\",\"target\":{\"@type\":\"EntryPoint\",\"urlTemplate\":\"https:\\\/\\\/www.gassendi.asso.fr\\\/wpg\\\/?s={search_term_string}\"},\"query-input\":{\"@type\":\"PropertyValueSpecification\",\"valueRequired\":true,\"valueName\":\"search_term_string\"}}],\"inLanguage\":\"fr-FR\"},{\"@type\":\"Organization\",\"@id\":\"https:\\\/\\\/www.gassendi.asso.fr\\\/wpg\\\/#organization\",\"name\":\"Club Informatique Gassendi\",\"url\":\"https:\\\/\\\/www.gassendi.asso.fr\\\/wpg\\\/\",\"logo\":{\"@type\":\"ImageObject\",\"inLanguage\":\"fr-FR\",\"@id\":\"https:\\\/\\\/www.gassendi.asso.fr\\\/wpg\\\/#\\\/schema\\\/logo\\\/image\\\/\",\"url\":\"http:\\\/\\\/www.gassendi.asso.fr\\\/wpg\\\/wp-content\\\/uploads\\\/2019\\\/06\\\/logo-cig_165x150.jpg\",\"contentUrl\":\"http:\\\/\\\/www.gassendi.asso.fr\\\/wpg\\\/wp-content\\\/uploads\\\/2019\\\/06\\\/logo-cig_165x150.jpg\",\"width\":165,\"height\":150,\"caption\":\"Club Informatique Gassendi\"},\"image\":{\"@id\":\"https:\\\/\\\/www.gassendi.asso.fr\\\/wpg\\\/#\\\/schema\\\/logo\\\/image\\\/\"}}]}<\/script>\n<!-- \/ Yoast SEO plugin. -->","yoast_head_json":{"title":"Tutos tout en vid\u00e9os - Club Informatique Gassendi","robots":{"index":"index","follow":"follow","max-snippet":"max-snippet:-1","max-image-preview":"max-image-preview:large","max-video-preview":"max-video-preview:-1"},"canonical":"https:\/\/www.gassendi.asso.fr\/wpg\/tutos-tout-en-video\/","og_locale":"fr_FR","og_type":"article","og_title":"Tutos tout en vid\u00e9os - Club Informatique Gassendi","og_description":"\u00a0 Pour voir les vid\u00e9os, un simple clic gauche sur le lien &#8230;.. (vid\u00e9o) vous enverra sur le site YouTube et lancera la vid\u00e9o automatiquement.\u00a0 Pour les supports PDF, il suffit de faire un clic gauche ( Microsoft Edge,\u00a0 Chrome","og_url":"https:\/\/www.gassendi.asso.fr\/wpg\/tutos-tout-en-video\/","og_site_name":"Club Informatique Gassendi","article_modified_time":"2021-04-09T16:57:13+00:00","twitter_card":"summary_large_image","twitter_misc":{"Dur\u00e9e de lecture estim\u00e9e":"2 minutes"},"schema":{"@context":"https:\/\/schema.org","@graph":[{"@type":"WebPage","@id":"https:\/\/www.gassendi.asso.fr\/wpg\/tutos-tout-en-video\/","url":"https:\/\/www.gassendi.asso.fr\/wpg\/tutos-tout-en-video\/","name":"Tutos tout en vid\u00e9os - Club Informatique Gassendi","isPartOf":{"@id":"https:\/\/www.gassendi.asso.fr\/wpg\/#website"},"datePublished":"2020-11-09T15:15:30+00:00","dateModified":"2021-04-09T16:57:13+00:00","breadcrumb":{"@id":"https:\/\/www.gassendi.asso.fr\/wpg\/tutos-tout-en-video\/#breadcrumb"},"inLanguage":"fr-FR","potentialAction":[{"@type":"ReadAction","target":["https:\/\/www.gassendi.asso.fr\/wpg\/tutos-tout-en-video\/"]}]},{"@type":"BreadcrumbList","@id":"https:\/\/www.gassendi.asso.fr\/wpg\/tutos-tout-en-video\/#breadcrumb","itemListElement":[{"@type":"ListItem","position":1,"name":"Accueil","item":"https:\/\/www.gassendi.asso.fr\/wpg\/"},{"@type":"ListItem","position":2,"name":"Tutos tout en vid\u00e9os"}]},{"@type":"WebSite","@id":"https:\/\/www.gassendi.asso.fr\/wpg\/#website","url":"https:\/\/www.gassendi.asso.fr\/wpg\/","name":"Club Informatique Gassendi","description":"L&#039;autre fa\u00e7on d&#039;apprendre l&#039;informatique ...","publisher":{"@id":"https:\/\/www.gassendi.asso.fr\/wpg\/#organization"},"potentialAction":[{"@type":"SearchAction","target":{"@type":"EntryPoint","urlTemplate":"https:\/\/www.gassendi.asso.fr\/wpg\/?s={search_term_string}"},"query-input":{"@type":"PropertyValueSpecification","valueRequired":true,"valueName":"search_term_string"}}],"inLanguage":"fr-FR"},{"@type":"Organization","@id":"https:\/\/www.gassendi.asso.fr\/wpg\/#organization","name":"Club Informatique Gassendi","url":"https:\/\/www.gassendi.asso.fr\/wpg\/","logo":{"@type":"ImageObject","inLanguage":"fr-FR","@id":"https:\/\/www.gassendi.asso.fr\/wpg\/#\/schema\/logo\/image\/","url":"http:\/\/www.gassendi.asso.fr\/wpg\/wp-content\/uploads\/2019\/06\/logo-cig_165x150.jpg","contentUrl":"http:\/\/www.gassendi.asso.fr\/wpg\/wp-content\/uploads\/2019\/06\/logo-cig_165x150.jpg","width":165,"height":150,"caption":"Club Informatique Gassendi"},"image":{"@id":"https:\/\/www.gassendi.asso.fr\/wpg\/#\/schema\/logo\/image\/"}}]}},"_links":{"self":[{"href":"https:\/\/www.gassendi.asso.fr\/wpg\/wp-json\/wp\/v2\/pages\/934","targetHints":{"allow":["GET"]}}],"collection":[{"href":"https:\/\/www.gassendi.asso.fr\/wpg\/wp-json\/wp\/v2\/pages"}],"about":[{"href":"https:\/\/www.gassendi.asso.fr\/wpg\/wp-json\/wp\/v2\/types\/page"}],"author":[{"embeddable":true,"href":"https:\/\/www.gassendi.asso.fr\/wpg\/wp-json\/wp\/v2\/users\/6"}],"replies":[{"embeddable":true,"href":"https:\/\/www.gassendi.asso.fr\/wpg\/wp-json\/wp\/v2\/comments?post=934"}],"version-history":[{"count":44,"href":"https:\/\/www.gassendi.asso.fr\/wpg\/wp-json\/wp\/v2\/pages\/934\/revisions"}],"predecessor-version":[{"id":2864,"href":"https:\/\/www.gassendi.asso.fr\/wpg\/wp-json\/wp\/v2\/pages\/934\/revisions\/2864"}],"wp:attachment":[{"href":"https:\/\/www.gassendi.asso.fr\/wpg\/wp-json\/wp\/v2\/media?parent=934"}],"curies":[{"name":"wp","href":"https:\/\/api.w.org\/{rel}","templated":true}]}}